000
CDUS46 KSTO 220844 RRA
CLIRDD

CLIMATE REPORT
NATIONAL WEATHER SERVICE SACRAMENTO, CA
142 AM PDT TUE MAY 22 2018


...................................

...THE REDDING AIRPORT CA CLIMATE SUMMARY FOR MAY 21 2018...

CLIMATE NORMAL PERIOD 1981 TO 2010
CLIMATE RECORD PERIOD 1986 TO 2018


WEATHER ITEM   OBSERVED RECORD YEAR NORMAL DEPARTURE LAST
                VALUE   VALUE       VALUE  FROM      YEAR
                                           NORMAL
...........................................................
TEMPERATURE (F)
 YESTERDAY
  MAXIMUM         93    100    2000  83     10       97
  MINIMUM         54     44    2010  55     -1       68
  AVERAGE         74

PRECIPITATION (IN)
  YESTERDAY        0.00   0.71 1996   0.07  -0.07     0.00
  MONTH TO DATE    T                  1.27  -1.27     0.02
  SINCE OCT 1     19.00              32.44 -13.44    46.21
  SINCE JAN 1     13.33              19.59  -6.26    27.48

SNOWFALL (IN)
  YESTERDAY        0.0   MM      MM  MM               0.0
  MONTH TO DATE    0.0               MM               0.0
  SINCE MAR 1      0.0               MM               0.0
  SINCE JUL 1      0.0               MM               3.0

DEGREE DAYS
 HEATING
  YESTERDAY        0

 COOLING
  YESTERDAY        9
...........................................................


WIND (MPH)
  RESULTANT WIND SPEED   3   RESULTANT WIND DIRECTION  NW (330)
  HIGHEST WIND SPEED    15   HIGHEST WIND DIRECTION     N (10)
  HIGHEST GUST SPEED    23   HIGHEST GUST DIRECTION     S (170)


SKY COVER
  POSSIBLE SUNSHINE  MM
  AVERAGE SKY COVER 0.1


WEATHER CONDITIONS
 THE FOLLOWING WEATHER WAS RECORDED YESTERDAY.
  NO SIGNIFICANT WEATHER WAS OBSERVED.


RELATIVE HUMIDITY (PERCENT)
 HIGHEST    93
 LOWEST     15
 AVERAGE    54

..........................................................


THE REDDING AIRPORT CA CLIMATE NORMALS FOR TODAY
                         NORMAL    RECORD    YEAR
 MAXIMUM TEMPERATURE (F)   83       102      2017
 MINIMUM TEMPERATURE (F)   56        34      2010


SUNRISE AND SUNSET
MAY 22 2018...........SUNRISE   547 AM PDT   SUNSET   826 PM PDT
MAY 23 2018...........SUNRISE   546 AM PDT   SUNSET   826 PM PDT


-  INDICATES NEGATIVE NUMBERS.
R  INDICATES RECORD WAS SET OR TIED.
MM INDICATES DATA IS MISSING.
T  INDICATES TRACE AMOUNT.

&&
....................................................................

REDDING CITY CLIMATE DATA FOR MAY 21

CLIMATE RECORD PERIOD 1897-1986

RECORD HIGH..............    102 IN 1967
RECORD LOW...............     42 IN 1960

RECORD RAINFALL..........   2.36 IN 1939

$$

NNNN
