000
CDUS46 KPDT 270104 RRA
CLIRDM

CLIMATE REPORT
NATIONAL WEATHER SERVICE PENDLETON OR
546 PM PDT THU APR 26 2018


...................................

...THE REDMOND OR CLIMATE SUMMARY FOR APRIL 26 2018...
VALID TODAY AS OF 0500 PM LOCAL TIME.

CLIMATE NORMAL PERIOD 1981 TO 2010
CLIMATE RECORD PERIOD 1949 TO 2018


WEATHER ITEM   OBSERVED TIME   RECORD YEAR NORMAL DEPARTURE LAST
                VALUE   (LST)  VALUE       VALUE  FROM      YEAR
                                                  NORMAL
..................................................................
TEMPERATURE (F)
 TODAY
  MAXIMUM         83    453 PM  84    2004  62     21       54
  MINIMUM         37        MM  20    1984  31      6       38
  AVERAGE         60                        46     14       46

PRECIPITATION (IN)
  TODAY            0.00          0.38 1970   0.02  -0.02     0.05
  MONTH TO DATE    0.52                      0.62  -0.10     0.89
  SINCE OCT 1      2.84                      5.66  -2.82     7.97
  SINCE JAN 1      1.73                      2.90  -1.17     4.22

DEGREE DAYS
 HEATING
  TODAY            5                        19    -14       19
  MONTH TO DATE  490                       547    -57      563
  SINCE MAR 1   1261                      1325    -64     1240
  SINCE JUL 1   5691                      5998   -307     6117

 COOLING
  TODAY            0                         0      0        0
  MONTH TO DATE    0                         0      0        0
  SINCE MAR 1      0                         0      0        0
  SINCE JAN 1      0                         0      0        0
..................................................................


WIND (MPH)
  RESULTANT WIND SPEED   2   RESULTANT WIND DIRECTION  NW (330)
  HIGHEST WIND SPEED    16   HIGHEST WIND DIRECTION     N (340)
  HIGHEST GUST SPEED    23   HIGHEST GUST DIRECTION     N (340)
  AVERAGE WIND SPEED     5.4


SKY COVER
  POSSIBLE SUNSHINE  MM
  AVERAGE SKY COVER 0.0


WEATHER CONDITIONS
THE FOLLOWING WEATHER WAS RECORDED TODAY.
  NO SIGNIFICANT WEATHER WAS OBSERVED.


RELATIVE HUMIDITY (PERCENT)
 HIGHEST    76           400 AM
 LOWEST     28           100 PM
 AVERAGE    52

..........................................................


THE REDMOND OR CLIMATE NORMALS FOR TOMORROW
                         NORMAL    RECORD    YEAR
 MAXIMUM TEMPERATURE (F)   62        88      1987
 MINIMUM TEMPERATURE (F)   31        13      1970


SUNRISE AND SUNSET
APRIL 26 2018.........SUNRISE   603 AM PDT   SUNSET   803 PM PDT
APRIL 27 2018.........SUNRISE   601 AM PDT   SUNSET   804 PM PDT


-  INDICATES NEGATIVE NUMBERS.
R  INDICATES RECORD WAS SET OR TIED.
MM INDICATES DATA IS MISSING.
T  INDICATES TRACE AMOUNT.




$$
