000
CDUS42 KRAH 202048
CLIRDU


CLIMATE REPORT
NATIONAL WEATHER SERVICE RALEIGH NC
442 PM EDT FRI APR 20 2018


...................................

...THE RALEIGH-DURHAM INTL AIRPORT NC CLIMATE SUMMARY FOR APRIL 20 2018...
VALID TODAY AS OF 0442 PM LOCAL TIME.

CLIMATE NORMAL PERIOD 1981 TO 2010
CLIMATE RECORD PERIOD 1887 TO 2018


WEATHER ITEM   OBSERVED TIME   RECORD YEAR NORMAL DEPARTURE LAST
                VALUE   (LST)  VALUE       VALUE  FROM      YEAR
                                                  NORMAL
..................................................................
TEMPERATURE (F)
 TODAY
  MAXIMUM         65    339 PM  93    1896  74     -9       85
  MINIMUM         34    528 AM  28    1983  49    -15       56
  AVERAGE         50                        61    -11       71

PRECIPITATION (IN)
  TODAY            0.00          2.08 1918   0.10  -0.10     0.00
  MONTH TO DATE    4.30                      2.01   2.29     0.89
  SINCE MAR 1      9.10                      6.12   2.98     4.02
  SINCE JAN 1     14.72                     12.85   1.87     8.45

SNOWFALL (IN)
  TODAY            0.0           0.0  2002   0.0    0.0      0.0
                                      2001
  MONTH TO DATE    T                         0.1   -0.1      0.0
  SINCE MAR 1      1.6                       0.6    1.0      0.3
  SINCE JUL 1      8.9                       6.1    2.8      0.8
  SNOW DEPTH       0

DEGREE DAYS
 HEATING
  TODAY           15                         5     10        0
  MONTH TO DATE  178                       147     31       55
  SINCE MAR 1    766                       571    195      469
  SINCE JUL 1   3279                      3143    136     2442

 COOLING
  TODAY            0                         2     -2        6
  MONTH TO DATE   14                        27    -13       54
  SINCE MAR 1     17                        38    -21       72
  SINCE JAN 1     39                        39      0       80
..................................................................


WIND (MPH)
  HIGHEST WIND SPEED    15   HIGHEST WIND DIRECTION    NE (40)
  HIGHEST GUST SPEED    20   HIGHEST GUST DIRECTION    NE (50)
  AVERAGE WIND SPEED     3.7


SKY COVER
  POSSIBLE SUNSHINE  MM
  AVERAGE SKY COVER 0.0


WEATHER CONDITIONS
 THE FOLLOWING WEATHER WAS RECORDED TODAY.
  NO SIGNIFICANT WEATHER WAS OBSERVED.


RELATIVE HUMIDITY (PERCENT)
 HIGHEST    82           400 AM
 LOWEST     25           200 PM
 AVERAGE    54

..........................................................


THE RALEIGH-DURHAM INTL AIRPORT NC CLIMATE NORMALS FOR TOMORROW
                         NORMAL    RECORD    YEAR
 MAXIMUM TEMPERATURE (F)   74        90      1985
                                             1896
 MINIMUM TEMPERATURE (F)   49        28      1983
                                             1956


SUNRISE AND SUNSET
APRIL 20 2018.........SUNRISE   636 AM EDT   SUNSET   753 PM EDT
APRIL 21 2018.........SUNRISE   634 AM EDT   SUNSET   754 PM EDT


-  INDICATES NEGATIVE NUMBERS.
R  INDICATES RECORD WAS SET OR TIED.
MM INDICATES DATA IS MISSING.
T  INDICATES TRACE AMOUNT.

&&

CLIMATE REPORT NWS FORECAST OFFICE
NCSU CENTENNIAL CAMPUS
RALEIGH, NC

MAXIMUM TEMPERATURE...65

MINIMUM TEMPERATURE...37

PRECIPITATION...0.00


$$
