000
CDUS41 KAKQ 270530
CLIRIC


CLIMATE REPORT
NATIONAL WEATHER SERVICE WAKEFIELD, VA
129 AM EDT FRI APR 27 2018


...................................

...THE RICHMOND VA CLIMATE SUMMARY FOR APRIL 26 2018...

CLIMATE NORMAL PERIOD 1981 TO 2010
CLIMATE RECORD PERIOD 1871 TO 2018


WEATHER ITEM   OBSERVED TIME   RECORD YEAR NORMAL DEPARTURE LAST
                VALUE   (LST)  VALUE       VALUE  FROM      YEAR
                                                  NORMAL
..................................................................
TEMPERATURE (F)
 YESTERDAY
  MAXIMUM         74    351 PM  96    1960  73      1       77
  MINIMUM         53    529 AM  32    1934  49      4       58
                                      1919
  AVERAGE         64                        61      3       68

PRECIPITATION (IN)
  YESTERDAY        T             2.60 1978   0.11  -0.11     0.02
  MONTH TO DATE    3.07                      2.84   0.23     2.14
  SINCE MAR 1      5.40                      6.88  -1.48     5.82
  SINCE JAN 1     10.85                     12.68  -1.83    10.82

SNOWFALL (IN)
  YESTERDAY        0.0           0.0  2002   0.0    0.0
  MONTH TO DATE    T                         0.1   -0.1
  SINCE NOV 1     12.4                      10.3    2.1
  SINCE JUL 1     12.4                      10.3    2.1
  SNOW DEPTH       0

DEGREE DAYS
 HEATING
  YESTERDAY        1                         5     -4        0
  MONTH TO DATE  266                       220     46      111
  SINCE MAR 1    919                       736    183      604
  SINCE JUL 1   3683                      3672     11     3086

 COOLING
  YESTERDAY        0                         2     -2        3
  MONTH TO DATE   19                        30    -11       51
  SINCE MAR 1     22                        36    -14       59
  SINCE JAN 1     28                        36     -8       59
..................................................................


WIND (MPH)
  HIGHEST WIND SPEED    15   HIGHEST WIND DIRECTION     S (200)
  HIGHEST GUST SPEED    20   HIGHEST GUST DIRECTION     S (190)
  AVERAGE WIND SPEED     5.7


SKY COVER
  POSSIBLE SUNSHINE  MM
  AVERAGE SKY COVER 0.8


WEATHER CONDITIONS
 THE FOLLOWING WEATHER WAS RECORDED YESTERDAY.
  FOG
  HAZE


RELATIVE HUMIDITY (PERCENT)
 HIGHEST   100          1200 AM
 LOWEST     33          1200 PM
 AVERAGE    67

..........................................................


THE RICHMOND VA CLIMATE NORMALS FOR TODAY
                         NORMAL    RECORD    YEAR
 MAXIMUM TEMPERATURE (F)   74        96      1990
                                             1915
 MINIMUM TEMPERATURE (F)   49        31      1976


SUNRISE AND SUNSET
APRIL 27 2018.........SUNRISE   619 AM EDT   SUNSET   756 PM EDT
APRIL 28 2018.........SUNRISE   618 AM EDT   SUNSET   757 PM EDT


-  INDICATES NEGATIVE NUMBERS.
R  INDICATES RECORD WAS SET OR TIED.
MM INDICATES DATA IS MISSING.
T  INDICATES TRACE AMOUNT.




$$
