000
CDUS41 KRNK 252109
CLIRNK


CLIMATE REPORT
NATIONAL WEATHER SERVICE BLACKSBURG VA
508 PM EDT FRI MAY 25 2018


...................................

...THE BLACKSBURG VA CLIMATE SUMMARY FOR MAY 25 2018...
VALID TODAY AS OF 0500 PM LOCAL TIME.

CLIMATE NORMAL PERIOD 1981 TO 2010
CLIMATE RECORD PERIOD 1952 TO 2018


WEATHER ITEM   OBSERVED RECORD YEAR NORMAL DEPARTURE LAST
                VALUE   VALUE       VALUE  FROM      YEAR
                                           NORMAL
...........................................................
TEMPERATURE (F)
 TODAY
  MAXIMUM         80     89    1953  74      6       62
  MINIMUM         59     34    1967  50      9       52
  AVERAGE         70                 62      8       57

PRECIPITATION (IN)
  TODAY            0.00   0.83 2001   0.15  -0.15     0.31
  MONTH TO DATE    3.99               3.38   0.61     6.22
  SINCE MAR 1     13.06              10.50   2.56    15.38
  SINCE JAN 1     19.33              16.39   2.94    21.16

SNOWFALL (IN)
  TODAY            0.0                                0.0
  MONTH TO DATE    0.0                                0.0
  SINCE MAR 1     23.9                                1.1
  SINCE JUL 1     31.3                                7.7
  SNOW DEPTH       0

DEGREE DAYS
 HEATING
  TODAY            0                  5     -5        8
  MONTH TO DATE   33                180   -147      154
  SINCE MAR 1   1329               1337     -8     1072
  SINCE JUL 1   4990               5385   -395     4164

 COOLING
  TODAY            5                  1      4        0
  MONTH TO DATE   64                 14     50       27
  SINCE MAR 1     64                 17     47       46
  SINCE JAN 1     65                 17     48       46
...........................................................


WIND (MPH)
  HIGHEST WIND SPEED     8   HIGHEST WIND DIRECTION     S (160)
  HIGHEST GUST SPEED    MM   HIGHEST GUST DIRECTION    MM
  AVERAGE WIND SPEED     2.3


SKY COVER
  AVERAGE SKY COVER 0.8


WEATHER CONDITIONS
 THE FOLLOWING WEATHER WAS RECORDED TODAY.
  NO SIGNIFICANT WEATHER WAS OBSERVED.


RELATIVE HUMIDITY (PERCENT)
 HIGHEST    93           500 AM
 LOWEST     58           200 PM
 AVERAGE    76

..........................................................


THE BLACKSBURG VA CLIMATE NORMALS FOR TOMORROW
                         NORMAL    RECORD    YEAR
 MAXIMUM TEMPERATURE (F)   74        88      1953
 MINIMUM TEMPERATURE (F)   50        34      1988


SUNRISE AND SUNSET
MAY 25 2018...........SUNRISE   606 AM EDT   SUNSET   831 PM EDT
MAY 26 2018...........SUNRISE   606 AM EDT   SUNSET   832 PM EDT


-  INDICATES NEGATIVE NUMBERS.
R  INDICATES RECORD WAS SET OR TIED.
MM INDICATES DATA IS MISSING.
T  INDICATES TRACE AMOUNT.

REMARKS:
DUE TO MISSING TEMPERATURES FROM SEPTEMBER 8-10...THE HEATING DEGREE
DAY AND DEPARTURE FROM NORMAL WILL BE CALCULATED WITHOUT DATA FROM
THESE DATES.


$$
