000
CDUS45 KABQ 280831
CLIROW


CLIMATE REPORT
NATIONAL WEATHER SERVICE ALBUQUERQUE NM
227 AM MDT MON MAY 28 2018


...................................

...THE ROSWELL NM CLIMATE SUMMARY FOR MAY 27 2018...

CLIMATE NORMAL PERIOD 1981 TO 2010
CLIMATE RECORD PERIOD 1893 TO 2018


WEATHER ITEM   OBSERVED TIME   RECORD YEAR NORMAL DEPARTURE
                VALUE   (LST)  VALUE       VALUE  FROM
                                                  NORMAL
...............................................................
TEMPERATURE (F)
 YESTERDAY
  MAXIMUM        102    300 PM 106    1896  89     13
  MINIMUM         65    337 AM  41    1959  58      7
                                      1903
  AVERAGE         84                        74     10

PRECIPITATION (IN)
  YESTERDAY        0.00          0.39 2004   0.04  -0.04
  MONTH TO DATE    0.52                      1.07  -0.55
  SINCE MAR 1      0.56                      2.19  -1.63
  SINCE JAN 1      1.17                      2.99  -1.82

SNOWFALL (IN)
  YESTERDAY        0.0
  MONTH TO DATE    0.0
  SINCE MAR 1      0.0
  SINCE JUL 1      0.0

DEGREE DAYS
 HEATING
  YESTERDAY        0                         0      0
  MONTH TO DATE    0                        27    -27
  SINCE MAR 1    374                       578   -204
  SINCE JUL 1   2741                      3285   -544

 COOLING
  YESTERDAY       19                         9     10
  MONTH TO DATE  300                       148    152
  SINCE MAR 1    374                       188    186
  SINCE JAN 1    374                       188    186
...............................................................


WIND (MPH)
  HIGHEST WIND SPEED    33   HIGHEST WIND DIRECTION    SW (220)
  HIGHEST GUST SPEED    41   HIGHEST GUST DIRECTION     S (200)
  AVERAGE WIND SPEED    12.5


SKY COVER
  AVERAGE SKY COVER 0.0


WEATHER CONDITIONS
 THE FOLLOWING WEATHER WAS RECORDED YESTERDAY.
  NO SIGNIFICANT WEATHER WAS OBSERVED.


RELATIVE HUMIDITY (PERCENT)
 HIGHEST    37           500 AM
 LOWEST      5           300 PM
 AVERAGE    21

..........................................................


THE ROSWELL NM CLIMATE NORMALS FOR TODAY
                         NORMAL    RECORD    YEAR
 MAXIMUM TEMPERATURE (F)   89       105      2011
 MINIMUM TEMPERATURE (F)   58        39      1913


SUNRISE AND SUNSET
MAY 28 2018...........SUNRISE   551 AM MDT   SUNSET   800 PM MDT
MAY 29 2018...........SUNRISE   551 AM MDT   SUNSET   801 PM MDT


-  INDICATES NEGATIVE NUMBERS.
R  INDICATES RECORD WAS SET OR TIED.
MM INDICATES DATA IS MISSING.
T  INDICATES TRACE AMOUNT.


$$
