538
CDUS45 KPIH 230730
CLIRXE


CLIMATE REPORT
NATIONAL WEATHER SERVICE POCATELLO ID
130 AM MDT WED MAY 23 2018


...................................

...THE REXBURG ID CLIMATE SUMMARY FOR MAY 22 2018...

CLIMATE NORMAL PERIOD 1981 TO 2010
CLIMATE RECORD PERIOD 1998 TO 2018


WEATHER ITEM   OBSERVED TIME   RECORD YEAR NORMAL DEPARTURE LAST
                VALUE   (LST)  VALUE       VALUE  FROM      YEAR
                                                  NORMAL
..................................................................
TEMPERATURE (F)
 YESTERDAY
  MAXIMUM         75   1246 PM  80    2014  68      7       74
  MINIMUM         45    625 AM  31    2007  41      4       37
  AVERAGE         60                        54      6       56

PRECIPITATION (IN)
  YESTERDAY        T            MM      MM   0.06  -0.06     0.00
  MONTH TO DATE    0.97                      1.20  -0.23     0.80
  SINCE OCT 1      9.34                      8.52   0.82    11.81
  SINCE JAN 1      7.24                      5.31   1.93     6.05

SNOWFALL (IN)
  YESTERDAY       MM
  MONTH TO DATE   MM
  SINCE MAR 1     MM
  SINCE JUL 1     MM
  SNOW DEPTH      MM

DEGREE DAYS
 HEATING
  YESTERDAY        5                        11     -6        9
  MONTH TO DATE  221                       305    -84      267
  SINCE MAR 1   1796                      1897   -101     1664
  SINCE JUL 1   7253                      7870   -617     7459

 COOLING
  YESTERDAY        0                         0      0        0
  MONTH TO DATE    0                         0      0        0
  SINCE MAR 1      0                         0      0        0
  SINCE JAN 1      0                         0      0        0
..................................................................


WIND (MPH)
  HIGHEST WIND SPEED    25   HIGHEST WIND DIRECTION     S (190)
  HIGHEST GUST SPEED    34   HIGHEST GUST DIRECTION     S (180)
  AVERAGE WIND SPEED     5.9


SKY COVER
  POSSIBLE SUNSHINE  MM
  AVERAGE SKY COVER 0.2


WEATHER CONDITIONS
 THE FOLLOWING WEATHER WAS RECORDED YESTERDAY.
  THUNDERSTORM


RELATIVE HUMIDITY (PERCENT)
 HIGHEST    86           400 AM
 LOWEST     27           100 PM
 AVERAGE    57

..........................................................


THE REXBURG ID CLIMATE NORMALS FOR TODAY
                         NORMAL    RECORD    YEAR
 MAXIMUM TEMPERATURE (F)   68        84      2003
 MINIMUM TEMPERATURE (F)   41        32      2010
                                             2007


SUNRISE AND SUNSET
MAY 23 2018...........SUNRISE   554 AM MDT   SUNSET   855 PM MDT
MAY 24 2018...........SUNRISE   553 AM MDT   SUNSET   856 PM MDT


-  INDICATES NEGATIVE NUMBERS.
R  INDICATES RECORD WAS SET OR TIED.
MM INDICATES DATA IS MISSING.
T  INDICATES TRACE AMOUNT.




$$
