357
CDUS42 KCHS 240616
CLISAV


CLIMATE REPORT
NATIONAL WEATHER SERVICE CHARLESTON SC
214 AM EDT THU MAY 24 2018


...................................

...THE SAVANNAH GA CLIMATE SUMMARY FOR MAY 23 2018...

CLIMATE NORMAL PERIOD 1981 TO 2010
CLIMATE RECORD PERIOD 1871 TO 2018


WEATHER ITEM   OBSERVED TIME   RECORD YEAR NORMAL DEPARTURE LAST
                VALUE   (LST)  VALUE       VALUE  FROM      YEAR
                                                  NORMAL
..................................................................
TEMPERATURE (F)
 YESTERDAY
  MAXIMUM         89    201 PM  99    2011  86      3       82
  MINIMUM         71    611 AM  50    2002  64      7       71
  AVERAGE         80                        75      5       77

PRECIPITATION (IN)
  YESTERDAY        0.00          2.41 1976   0.11  -0.11     1.31
  MONTH TO DATE    1.95                      2.00  -0.05    10.97
  SINCE MAR 1      7.50                      8.80  -1.30    14.35
  SINCE JAN 1     10.33                     15.28  -4.95    23.18

DEGREE DAYS
 HEATING
  YESTERDAY        0                         0      0        0
  MONTH TO DATE    0                         6     -6        1
  SINCE MAR 1    332                       292     40      213
  SINCE JUL 1   1607                      1809   -202     1023

 COOLING
  YESTERDAY       15                        10      5       12
  MONTH TO DATE  241                       176     65      227
  SINCE MAR 1    346                       302     44      509
  SINCE JAN 1    428                       312    116      567
..................................................................


WIND (MPH)
  HIGHEST WIND SPEED    18   HIGHEST WIND DIRECTION     S (170)
  HIGHEST GUST SPEED    22   HIGHEST GUST DIRECTION     S (190)
  AVERAGE WIND SPEED     8.1


SKY COVER
  POSSIBLE SUNSHINE  MM
  AVERAGE SKY COVER 0.5


WEATHER CONDITIONS
 THE FOLLOWING WEATHER WAS RECORDED YESTERDAY.
  THUNDERSTORM


RELATIVE HUMIDITY (PERCENT)
 HIGHEST   100           200 AM
 LOWEST     55           100 PM
 AVERAGE    78

..........................................................


THE SAVANNAH GA CLIMATE NORMALS FOR TODAY
                         NORMAL    RECORD    YEAR
 MAXIMUM TEMPERATURE (F)   86        98      2011
                                             1953
 MINIMUM TEMPERATURE (F)   65        51      2001
                                             1954
                                             1892


SUNRISE AND SUNSET
MAY 24 2018...........SUNRISE   622 AM EDT   SUNSET   822 PM EDT
MAY 25 2018...........SUNRISE   622 AM EDT   SUNSET   822 PM EDT


-  INDICATES NEGATIVE NUMBERS.
R  INDICATES RECORD WAS SET OR TIED.
MM INDICATES DATA IS MISSING.
T  INDICATES TRACE AMOUNT.




$$
