000
CDUS43 KIWX 210020
CLISBN


CLIMATE REPORT
NATIONAL WEATHER SERVICE NORTHERN INDIANA
820 PM EDT SUN MAY 20 2018


...................................

...THE SOUTH BEND CLIMATE SUMMARY FOR MAY 20 2018...
VALID AS OF 0800 PM LOCAL TIME.

CLIMATE NORMAL PERIOD 1981 TO 2010
CLIMATE RECORD PERIOD 1893 TO 2018


WEATHER ITEM   OBSERVED TIME   RECORD YEAR NORMAL DEPARTURE LAST
                VALUE   (LST)  VALUE       VALUE  FROM      YEAR
                                                  NORMAL
..................................................................
TEMPERATURE (F)
 TODAY
  MAXIMUM         65    434 PM  93    1934  71     -6       64
  MINIMUM         51    439 AM  30    1895  50      1       49
  AVERAGE         58                        60     -2       57

PRECIPITATION (IN)
  TODAY            0.07          1.51 1933   0.13  -0.06     0.85
  MONTH TO DATE    6.60                      2.40   4.20     3.96
  SINCE MAR 1     11.38                      8.05   3.33    11.28
  SINCE JAN 1     21.39                     12.29   9.10    18.27

SNOWFALL (IN)
  TODAY            0.0           0.0  2002   0.0    0.0      0.0
                                      2001
  MONTH TO DATE    0.0                       0.0    0.0      0.0
  SINCE MAR 1      9.1                       8.5    0.6      8.5
  SINCE JUL 1     93.1                      66.6   26.5     42.2
  SNOW DEPTH       0

DEGREE DAYS
 HEATING
  TODAY            7                         6      1        8
  MONTH TO DATE   69                       170   -101      229
  SINCE MAR 1   1762                      1512    250     1481
  SINCE JUL 1   6455                      6201    254     5458

 COOLING
  TODAY            0                         2     -2        0
  MONTH TO DATE   22                        22      0       25
  SINCE MAR 1     22                        32    -10       36
  SINCE JAN 1     22                        32    -10       36
..................................................................


WIND (MPH)
  RESULTANT WIND SPEED   4   RESULTANT WIND DIRECTION   N (10)
  HIGHEST WIND SPEED    15   HIGHEST WIND DIRECTION     N (10)
  HIGHEST GUST SPEED    21   HIGHEST GUST DIRECTION     N (10)
  AVERAGE WIND SPEED     5.6


SKY COVER
  POSSIBLE SUNSHINE  MM
  AVERAGE SKY COVER 0.9


WEATHER CONDITIONS
 THE FOLLOWING WEATHER WAS RECORDED TODAY.
  RAIN
  FOG


RELATIVE HUMIDITY (PERCENT)
 HIGHEST   100           200 AM
 LOWEST     78           400 PM
 AVERAGE    89

..........................................................


THE SOUTH BEND CLIMATE NORMALS FOR TOMORROW
                         NORMAL    RECORD    YEAR
 MAXIMUM TEMPERATURE (F)   72        93      1934
 MINIMUM TEMPERATURE (F)   50        30      2002
                                             1895


SUNRISE AND SUNSET
MAY 20 2018...........SUNRISE   621 AM EDT   SUNSET   903 PM EDT
MAY 21 2018...........SUNRISE   620 AM EDT   SUNSET   904 PM EDT


-  INDICATES NEGATIVE NUMBERS.
R  INDICATES RECORD WAS SET OR TIED.
MM INDICATES DATA IS MISSING.
T  INDICATES TRACE AMOUNT.




$$
