000
CDUS46 KSTO 200843
CLISCK


CLIMATE REPORT
NATIONAL WEATHER SERVICE SACRAMENTO, CA
142 AM PDT FRI APR 20 2018


...................................

...THE STOCKTON AIRPORT CA CLIMATE SUMMARY FOR APRIL 19 2018...

CLIMATE NORMAL PERIOD 1981 TO 2010
CLIMATE RECORD PERIOD 1948 TO 2018


WEATHER ITEM   OBSERVED TIME   RECORD YEAR NORMAL DEPARTURE LAST
                VALUE   (LST)  VALUE       VALUE  FROM      YEAR
                                                  NORMAL
..................................................................
TEMPERATURE (F)
 YESTERDAY
  MAXIMUM         74    259 PM  92    2009  74      0       72
  MINIMUM         41    451 AM  37    1979  46     -5       44
                                      1955
  AVERAGE         58

PRECIPITATION (IN)
  YESTERDAY        0.00          0.68 1988   0.03  -0.03     0.00
  MONTH TO DATE    1.72                      0.69   1.03     1.82
  SINCE OCT 1      9.09                     12.86  -3.77    21.64
  SINCE JAN 1      8.13                      8.13   0.00    15.48

SNOWFALL (IN)
  YESTERDAY        0.0          MM      MM
  MONTH TO DATE    0.0
  SINCE MAR 1      0.0
  SINCE JUL 1      0.0
  SNOW DEPTH       0

DEGREE DAYS
 HEATING
  YESTERDAY        7                         6      1        7
  MONTH TO DATE  105                       139    -34      119
  SINCE MAR 1    405                       463    -58      346
  SINCE JUL 1   1990                      2525   -535     2055

 COOLING
  YESTERDAY        0                         1     -1        0
  MONTH TO DATE    0                         2     -2        0
  SINCE MAR 1      2                         2      0        1
  SINCE JAN 1      2                         2      0        1
..................................................................


WIND (MPH)
  RESULTANT WIND SPEED  12   RESULTANT WIND DIRECTION   W (290)
  HIGHEST WIND SPEED    26   HIGHEST WIND DIRECTION    NW (320)
  HIGHEST GUST SPEED    33   HIGHEST GUST DIRECTION    NW (320)


SKY COVER
  POSSIBLE SUNSHINE  MM
  AVERAGE SKY COVER 0.0


WEATHER CONDITIONS
 THE FOLLOWING WEATHER WAS RECORDED YESTERDAY.
  NO SIGNIFICANT WEATHER WAS OBSERVED.


RELATIVE HUMIDITY (PERCENT)
 HIGHEST    89           500 AM
 LOWEST     33           100 PM
 AVERAGE    61

..........................................................


THE STOCKTON AIRPORT CA CLIMATE NORMALS FOR TODAY
                         NORMAL    RECORD    YEAR
 MAXIMUM TEMPERATURE (F)   74        96      2009
 MINIMUM TEMPERATURE (F)   47        32      2008


SUNRISE AND SUNSET
APRIL 20 2018.........SUNRISE   623 AM PDT   SUNSET   746 PM PDT
APRIL 21 2018.........SUNRISE   621 AM PDT   SUNSET   747 PM PDT


-  INDICATES NEGATIVE NUMBERS.
R  INDICATES RECORD WAS SET OR TIED.
MM INDICATES DATA IS MISSING.
T  INDICATES TRACE AMOUNT.




$$
