000
CDUS43 KLMK 240628
CLISDF


CLIMATE REPORT
NATIONAL WEATHER SERVICE LOUISVILLE KY
228 AM EDT THU MAY 24 2018


...................................

...THE LOUISVILLE KY CLIMATE SUMMARY FOR MAY 23 2018...

CLIMATE NORMAL PERIOD 1981 TO 2010
CLIMATE RECORD PERIOD 1871 TO 2018


WEATHER ITEM   OBSERVED TIME   RECORD YEAR NORMAL DEPARTURE LAST
                VALUE   (LST)  VALUE       VALUE  FROM      YEAR
                                                  NORMAL
..................................................................
TEMPERATURE (F)
 YESTERDAY
  MAXIMUM         86    421 PM  93    1921  79      7       78
  MINIMUM         68    608 AM  40    1963  59      9       57
                                      1917
  AVERAGE         77                        69      8       68

PRECIPITATION (IN)
  YESTERDAY        0.00          3.53 1902   0.16  -0.16     0.00
  MONTH TO DATE    3.92                      3.98  -0.06     3.95
  SINCE MAR 1     12.37                     12.16   0.21    12.10
  SINCE JAN 1     24.67                     18.58   6.09    18.37

SNOWFALL (IN)
  YESTERDAY        0.0          MM      MM   0.0    0.0      0.0
  MONTH TO DATE    0.0                       0.0    0.0      0.0
  SINCE MAR 1     13.1                       1.5   11.6       T
  SINCE JUL 1     19.1                      12.5    6.6      2.7
  SNOW DEPTH       0

DEGREE DAYS
 HEATING
  YESTERDAY        0                         1     -1        0
  MONTH TO DATE    0                        60    -60       71
  SINCE MAR 1    971                       844    127      619
  SINCE JUL 1   4059                      4085    -26     3084

 COOLING
  YESTERDAY       12                         5      7        3
  MONTH TO DATE  236                        79    157      117
  SINCE MAR 1    255                       122    133      235
  SINCE JAN 1    267                       122    145      240
..................................................................


WIND (MPH)
  HIGHEST WIND SPEED    15   HIGHEST WIND DIRECTION    NE (40)
  HIGHEST GUST SPEED    20   HIGHEST GUST DIRECTION     N (360)
  AVERAGE WIND SPEED     6.8


SKY COVER
  POSSIBLE SUNSHINE  MM
  AVERAGE SKY COVER 0.6


WEATHER CONDITIONS
 THE FOLLOWING WEATHER WAS RECORDED YESTERDAY.
  NO SIGNIFICANT WEATHER WAS OBSERVED.


RELATIVE HUMIDITY (PERCENT)
 HIGHEST    87           100 AM
 LOWEST     42           300 PM
 AVERAGE    65

..........................................................


THE LOUISVILLE KY CLIMATE NORMALS FOR TODAY
                         NORMAL    RECORD    YEAR
 MAXIMUM TEMPERATURE (F)   79        92      1921
 MINIMUM TEMPERATURE (F)   60        40      1925


SUNRISE AND SUNSET
MAY 24 2018...........SUNRISE   626 AM EDT   SUNSET   854 PM EDT
MAY 25 2018...........SUNRISE   625 AM EDT   SUNSET   855 PM EDT


-  INDICATES NEGATIVE NUMBERS.
R  INDICATES RECORD WAS SET OR TIED.
MM INDICATES DATA IS MISSING.
T  INDICATES TRACE AMOUNT.




$$
