000
CDUS45 KSLC 220041
CLISLC


CLIMATE REPORT
NATIONAL WEATHER SERVICE SALT LAKE CITY UT
640 PM MDT MON MAY 21 2018


...................................

...THE SALT LAKE CITY UT CLIMATE SUMMARY FOR MAY 21 2018...
VALID TODAY AS OF 0500 PM LOCAL TIME.

CLIMATE NORMAL PERIOD 1981 TO 2010
CLIMATE RECORD PERIOD 1874 TO 2018


WEATHER ITEM   OBSERVED TIME   RECORD YEAR NORMAL DEPARTURE LAST
                VALUE   (LST)  VALUE       VALUE  FROM      YEAR
                                                  NORMAL
..................................................................
TEMPERATURE (F)
 TODAY
  MAXIMUM         81    454 PM  94    2012  74      7       67
  MINIMUM         54    459 AM  33    1876  49      5       53
  AVERAGE         68                        61      7       60

PRECIPITATION (IN)
  TODAY            0.00          1.01 1903   0.06  -0.06     0.21
  MONTH TO DATE    0.83                      1.39  -0.56     0.61
  SINCE OCT 1      9.33                     12.05  -2.72    15.64
  SINCE JAN 1      7.20                      7.67  -0.47    11.00

SNOWFALL (IN)
  TODAY            0.0           T    1975   0.0    0.0      0.0
                                      1952
  MONTH TO DATE    0.0                       0.3   -0.3      0.1
  SINCE OCT 1     43.5                      56.2  -12.7     51.4
  SINCE JUL 1     43.5                      56.2  -12.7     51.4
  SNOW DEPTH       0

DEGREE DAYS
 HEATING
  TODAY            0                         5     -5        5
  MONTH TO DATE   84                       163    -79      127
  SINCE MAR 1    963                      1263   -300     1014
  SINCE JUL 1   4499                      5519  -1020     4767

 COOLING
  TODAY            3                         2      1        0
  MONTH TO DATE   41                        24     17       29
  SINCE MAR 1     52                        28     24       31
  SINCE JAN 1     52                        28     24       31
..................................................................


WIND (MPH)
  RESULTANT WIND SPEED   2   RESULTANT WIND DIRECTION   E (100)
  HIGHEST WIND SPEED    15   HIGHEST WIND DIRECTION    NE (60)
  HIGHEST GUST SPEED    20   HIGHEST GUST DIRECTION    NE (60)
  AVERAGE WIND SPEED     3.9


SKY COVER
  POSSIBLE SUNSHINE  MM
  AVERAGE SKY COVER 0.3


WEATHER CONDITIONS
 THE FOLLOWING WEATHER WAS RECORDED TODAY.
  NO SIGNIFICANT WEATHER WAS OBSERVED.


RELATIVE HUMIDITY (PERCENT)
 HIGHEST    77           300 AM
 LOWEST     19           400 PM
 AVERAGE    48

..........................................................


THE SALT LAKE CITY UT CLIMATE NORMALS FOR TOMORROW
                         NORMAL    RECORD    YEAR
 MAXIMUM TEMPERATURE (F)   74        89      1989
                                             1967
                                             1934
 MINIMUM TEMPERATURE (F)   50        33      1960


SUNRISE AND SUNSET
MAY 21 2018...........SUNRISE   605 AM MDT   SUNSET   844 PM MDT
MAY 22 2018...........SUNRISE   605 AM MDT   SUNSET   845 PM MDT


-  INDICATES NEGATIVE NUMBERS.
R  INDICATES RECORD WAS SET OR TIED.
MM INDICATES DATA IS MISSING.
T  INDICATES TRACE AMOUNT.




$$
