000
CDUS43 KILX 210635
CLISPI


CLIMATE REPORT
NATIONAL WEATHER SERVICE LINCOLN IL
134 AM CDT SAT APR 21 2018


...................................

...THE SPRINGFIELD IL CLIMATE SUMMARY FOR APRIL 20 2018...

CLIMATE NORMAL PERIOD 1981 TO 2010
CLIMATE RECORD PERIOD 1879 TO 2018


WEATHER ITEM   OBSERVED TIME   RECORD YEAR NORMAL DEPARTURE LAST
                VALUE   (LST)  VALUE       VALUE  FROM      YEAR
                                                  NORMAL
..................................................................
TEMPERATURE (F)
 YESTERDAY
  MAXIMUM         65    206 PM  89    1936  66     -1       79
  MINIMUM         30    546 AM  28    1956  44    -14       52
                                      1897
  AVERAGE         48                        55     -7       66

PRECIPITATION (IN)
  YESTERDAY        0.00          1.86 1964   0.13  -0.13     0.18
  MONTH TO DATE    2.05                      2.23  -0.18     2.79
  SINCE MAR 1      6.41                      4.86   1.55     7.05
  SINCE JAN 1     11.13                      8.49   2.64     8.52

SNOWFALL (IN)
  YESTERDAY        0.0           T    1943   0.0    0.0      0.0
  MONTH TO DATE    4.8                       0.3    4.5      0.0
  SINCE MAR 1      4.8                       2.8    2.0      4.6
  SINCE JUL 1     11.8                      20.9   -9.1     10.3
  SNOW DEPTH       0

DEGREE DAYS
 HEATING
  YESTERDAY       17                        11      6        0
  MONTH TO DATE  443                       277    166      127
  SINCE MAR 1   1193                       988    205      724
  SINCE JUL 1   5171                      5259    -88     3979

 COOLING
  YESTERDAY        0                         1     -1        1
  MONTH TO DATE   10                         9      1       33
  SINCE MAR 1     10                        11     -1       33
  SINCE JAN 1     10                        11     -1       33
..................................................................


WIND (MPH)
  HIGHEST WIND SPEED    17   HIGHEST WIND DIRECTION     E (90)
  HIGHEST GUST SPEED    23   HIGHEST GUST DIRECTION     E (110)
  AVERAGE WIND SPEED     6.7


SKY COVER
  POSSIBLE SUNSHINE  MM
  AVERAGE SKY COVER 0.0


WEATHER CONDITIONS
 THE FOLLOWING WEATHER WAS RECORDED YESTERDAY.
  FOG


RELATIVE HUMIDITY (PERCENT)
 HIGHEST    92           500 AM
 LOWEST     17           200 PM
 AVERAGE    55

..........................................................


THE SPRINGFIELD IL CLIMATE NORMALS FOR TODAY
                         NORMAL    RECORD    YEAR
 MAXIMUM TEMPERATURE (F)   67        87      1902
 MINIMUM TEMPERATURE (F)   44        28      1904


SUNRISE AND SUNSET
APRIL 21 2018.........SUNRISE   612 AM CDT   SUNSET   743 PM CDT
APRIL 22 2018.........SUNRISE   611 AM CDT   SUNSET   744 PM CDT


-  INDICATES NEGATIVE NUMBERS.
R  INDICATES RECORD WAS SET OR TIED.
MM INDICATES DATA IS MISSING.
T  INDICATES TRACE AMOUNT.




$$
