000
CDUS43 KEAX 260633
CLISTJ


CLIMATE REPORT
NATIONAL WEATHER SERVICE KANSAS CITY/PLEASANT HILL MO
132 AM CDT SAT MAY 26 2018


...................................

...THE ST. JOSEPH MO CLIMATE SUMMARY FOR MAY 25 2018...

CLIMATE NORMAL PERIOD 1981 TO 2010
CLIMATE RECORD PERIOD 1892 TO 2018


WEATHER ITEM   OBSERVED TIME   RECORD YEAR NORMAL DEPARTURE LAST
                VALUE   (LST)  VALUE       VALUE  FROM      YEAR
                                                  NORMAL
..................................................................
TEMPERATURE (F)
 YESTERDAY
  MAXIMUM         92    345 PM  98    1967  79     13       77
  MINIMUM         69    535 AM  36    1925  57     12       43
  AVERAGE         81                        68     13       60

PRECIPITATION (IN)
  YESTERDAY        0.00          1.66 1937   0.16  -0.16      T
  MONTH TO DATE    1.69                      4.43  -2.74     3.45
  SINCE MAR 1      2.60                     10.47  -7.87    10.66
  SINCE JAN 1      4.06                     11.96  -7.90    11.68

DEGREE DAYS
 HEATING
  YESTERDAY        0                         2     -2        5
  MONTH TO DATE    0                       105   -105      116
  SINCE MAR 1   1272                      1135    137      963
  SINCE JUL 1   5143                      5443   -300     4260

 COOLING
  YESTERDAY       16                         4     12        0
  MONTH TO DATE  188                        60    128       76
  SINCE MAR 1    195                        81    114       94
  SINCE JAN 1    195                        81    114       94
..................................................................


WIND (MPH)
  HIGHEST WIND SPEED    18   HIGHEST WIND DIRECTION    SW (210)
  HIGHEST GUST SPEED    23   HIGHEST GUST DIRECTION     S (200)
  AVERAGE WIND SPEED     9.2


SKY COVER
  POSSIBLE SUNSHINE  MM
  AVERAGE SKY COVER 0.0


WEATHER CONDITIONS
 THE FOLLOWING WEATHER WAS RECORDED YESTERDAY.
  NO SIGNIFICANT WEATHER WAS OBSERVED.


RELATIVE HUMIDITY (PERCENT)
 HIGHEST    90           400 AM
 LOWEST     38           400 PM
 AVERAGE    64

..........................................................


THE ST. JOSEPH MO CLIMATE NORMALS FOR TODAY
                         NORMAL    RECORD    YEAR
 MAXIMUM TEMPERATURE (F)   79        94      1967
 MINIMUM TEMPERATURE (F)   57        43      1925


SUNRISE AND SUNSET
MAY 26 2018...........SUNRISE   557 AM CDT   SUNSET   837 PM CDT
MAY 27 2018...........SUNRISE   556 AM CDT   SUNSET   838 PM CDT


-  INDICATES NEGATIVE NUMBERS.
R  INDICATES RECORD WAS SET OR TIED.
MM INDICATES DATA IS MISSING.
T  INDICATES TRACE AMOUNT.




$$
