000
CDUS41 KBGM 190616
CLISYR


CLIMATE REPORT
NATIONAL WEATHER SERVICE BINGHAMTON NY
216 AM EDT THU APR 19 2018


...................................

...THE SYRACUSE NY CLIMATE SUMMARY FOR APRIL 18 2018...

CLIMATE NORMAL PERIOD 1981 TO 2010
CLIMATE RECORD PERIOD 1902 TO 2018


WEATHER ITEM   OBSERVED TIME   RECORD YEAR NORMAL DEPARTURE LAST
                VALUE   (LST)  VALUE       VALUE  FROM      YEAR
                                                  NORMAL
..................................................................
TEMPERATURE (F)
 YESTERDAY
  MAXIMUM         41    156 PM  85    1976  59    -18       57
  MINIMUM         32    508 AM  22    1948  38     -6       31
  AVERAGE         37                        48    -11       44

PRECIPITATION (IN)
  YESTERDAY        0.01          1.15 1924   0.10  -0.09     0.00
  MONTH TO DATE    1.57                      1.99  -0.42     3.16
  SINCE MAR 1      5.43                      4.94   0.49     7.01
  SINCE JAN 1     11.50                      9.51   1.99    13.59

SNOWFALL (IN)
  YESTERDAY        0.2           0.8  1965   0.1    0.1      0.0
  MONTH TO DATE    1.9                       3.1   -1.2      0.3
  SINCE MAR 1     45.5                      21.1   24.4     31.2
  SINCE JUL 1    153.0                     123.0   30.0    134.9
  SNOW DEPTH       0

DEGREE DAYS
 HEATING
  YESTERDAY       28                        17     11       21
  MONTH TO DATE  524                       371    153      300
  SINCE MAR 1   1574                      1328    246     1372
  SINCE JUL 1   6241                      6159     82     5641

 COOLING
  YESTERDAY        0                         0      0        0
  MONTH TO DATE    0                         0      0        8
  SINCE MAR 1      0                         0      0        8
  SINCE JAN 1      0                         0      0        8
..................................................................


WIND (MPH)
  HIGHEST WIND SPEED    23   HIGHEST WIND DIRECTION     W (250)
  HIGHEST GUST SPEED    30   HIGHEST GUST DIRECTION    SW (240)
  AVERAGE WIND SPEED    13.5


SKY COVER
  POSSIBLE SUNSHINE  MM
  AVERAGE SKY COVER 1.0


WEATHER CONDITIONS
 THE FOLLOWING WEATHER WAS RECORDED YESTERDAY.
  LIGHT SNOW
  FOG


RELATIVE HUMIDITY (PERCENT)
 HIGHEST   100           300 AM
 LOWEST     65           200 PM
 AVERAGE    83

..........................................................


THE SYRACUSE NY CLIMATE NORMALS FOR TODAY
                         NORMAL    RECORD    YEAR
 MAXIMUM TEMPERATURE (F)   59        87      2008
 MINIMUM TEMPERATURE (F)   38        20      1904


SUNRISE AND SUNSET
APRIL 19 2018.........SUNRISE   616 AM EDT   SUNSET   752 PM EDT
APRIL 20 2018.........SUNRISE   614 AM EDT   SUNSET   753 PM EDT


-  INDICATES NEGATIVE NUMBERS.
R  INDICATES RECORD WAS SET OR TIED.
MM INDICATES DATA IS MISSING.
T  INDICATES TRACE AMOUNT.




$$
