210
CDUS44 KBMX 212126
CLITOI


CLIMATE REPORT
NATIONAL WEATHER SERVICE BIRMINGHAM, AL
426 PM CDT MON MAY 21 2018


...................................

...THE TROY CLIMATE SUMMARY FOR MAY 21 2018...
VALID TODAY AS OF 0400 PM LOCAL TIME.

CLIMATE NORMAL PERIOD 1981 TO 2010
CLIMATE RECORD PERIOD 9999 TO 9999


WEATHER ITEM   OBSERVED TIME   RECORD YEAR NORMAL DEPARTURE LAST
                VALUE   (LST)  VALUE       VALUE  FROM      YEAR
                                                  NORMAL
..................................................................
TEMPERATURE (F)
 TODAY
  MAXIMUM         81   1257 PM  MM      MM  85     -4       83
  MINIMUM         66    124 AM  MM      MM  60      6       66
  AVERAGE         74                        73      1       75

PRECIPITATION (IN)
  TODAY            0.03                      0.11  -0.08     0.25
  MONTH TO DATE    1.04                      1.96  -0.92     4.71
  SINCE MAR 1      7.52                     11.98  -4.46    10.63
  SINCE JAN 1     12.78                     21.11  -8.33    29.26

DEGREE DAYS
 COOLING
  TODAY            9                         8      1       10
  MONTH TO DATE  173                       119     54      119
  SINCE MAR 1    227                       191     36      301
  SINCE JAN 1    285                       196     89      323
..................................................................


WIND (MPH)
  HIGHEST WIND SPEED    16   HIGHEST WIND DIRECTION    SE (120)
  HIGHEST GUST SPEED    19   HIGHEST GUST DIRECTION    SE (130)
  AVERAGE WIND SPEED     5.9


SKY COVER
  AVERAGE SKY COVER 0.9


WEATHER CONDITIONS
 THE FOLLOWING WEATHER WAS RECORDED TODAY.
  THUNDERSTORM
  HEAVY RAIN
  RAIN
  LIGHT RAIN
  FOG
  HAZE


RELATIVE HUMIDITY (PERCENT)
 HIGHEST    93           100 AM
 LOWEST     69           100 PM
 AVERAGE    81

..........................................................


THE TROY CLIMATE NORMALS FOR TOMORROW
                         NORMAL    RECORD    YEAR
 MAXIMUM TEMPERATURE (F)   85        MM        MM
 MINIMUM TEMPERATURE (F)   60        MM        MM


SUNRISE AND SUNSET
MAY 21 2018...........SUNRISE   543 AM CDT   SUNSET   738 PM CDT
MAY 22 2018...........SUNRISE   543 AM CDT   SUNSET   739 PM CDT


-  INDICATES NEGATIVE NUMBERS.
R  INDICATES RECORD WAS SET OR TIED.
MM INDICATES DATA IS MISSING.
T  INDICATES TRACE AMOUNT.




$$
