000
CDUS45 KLKN 230028
CLITPH


CLIMATE REPORT
NATIONAL WEATHER SERVICE ELKO NV
528 PM PDT SUN APR 22 2018


...................................

...THE TONOPAH AIRPORT NV CLIMATE SUMMARY FOR APRIL 22 2018...
VALID TODAY AS OF 0500 PM LOCAL TIME.

CLIMATE NORMAL PERIOD 1981 TO 2010
CLIMATE RECORD PERIOD 1954 TO 2018


WEATHER ITEM   OBSERVED TIME   RECORD YEAR NORMAL DEPARTURE LAST
                VALUE   (LST)  VALUE       VALUE  FROM      YEAR
                                                  NORMAL
..................................................................
TEMPERATURE (F)
 TODAY
  MAXIMUM         79    323 PM  86    2012  66     13       72
  MINIMUM         42    525 AM  19    1963  36      6       38
  AVERAGE         61                        51     10       55

PRECIPITATION (IN)
  TODAY            0.00          0.30 1955   0.01  -0.01     0.00
  MONTH TO DATE    T                         0.31  -0.31     0.17
  SINCE OCT 1      0.73                      2.98  -2.25     1.99
  SINCE JAN 1      0.72                      1.89  -1.17     1.46

DEGREE DAYS
 HEATING
  TODAY            4                        14    -10       10
  MONTH TO DATE  287                       367    -80      317
  SINCE MAR 1   1011                      1052    -41      848
  SINCE JUL 1   4591                      5094   -503     4713

 COOLING
  TODAY            0                         0      0        0
  MONTH TO DATE    0                         0      0        0
  SINCE MAR 1      0                         0      0        0
  SINCE JAN 1      0                         0      0        0
..................................................................


WIND (MPH)
  HIGHEST WIND SPEED    16   HIGHEST WIND DIRECTION    SW (230)
  HIGHEST GUST SPEED    22   HIGHEST GUST DIRECTION    SW (230)



WEATHER CONDITIONS
 THE FOLLOWING WEATHER WAS RECORDED TODAY.
  NO SIGNIFICANT WEATHER WAS OBSERVED.


RELATIVE HUMIDITY (PERCENT)
 HIGHEST    49           500 AM
 LOWEST      9           400 PM
 AVERAGE    29

..........................................................


THE TONOPAH AIRPORT NV CLIMATE NORMALS FOR TOMORROW
                         NORMAL    RECORD    YEAR
 MAXIMUM TEMPERATURE (F)   67        84      2012
 MINIMUM TEMPERATURE (F)   37        20      1961


SUNRISE AND SUNSET
APRIL 22 2018.........SUNRISE   603 AM PDT   SUNSET   731 PM PDT
APRIL 23 2018.........SUNRISE   602 AM PDT   SUNSET   732 PM PDT


-  INDICATES NEGATIVE NUMBERS.
R  INDICATES RECORD WAS SET OR TIED.
MM INDICATES DATA IS MISSING.
T  INDICATES TRACE AMOUNT.




$$
