000
CDUS44 KMRX 240852
CLITRI


CLIMATE REPORT
NATIONAL WEATHER SERVICE MORRISTOWN TN
452 AM EDT THU MAY 24 2018


...................................

...THE TRI-CITIES      ASOS CLIMATE SUMMARY FOR MAY 23 2018...

CLIMATE NORMAL PERIOD 1981 TO 2010
CLIMATE RECORD PERIOD 1937 TO 2018


WEATHER ITEM   OBSERVED TIME   RECORD YEAR NORMAL DEPARTURE LAST
                VALUE   (LST)  VALUE       VALUE  FROM      YEAR
                                                  NORMAL
..................................................................
TEMPERATURE (F)
 YESTERDAY
  MAXIMUM         83    521 PM  91    1953  78      5       67
  MINIMUM         63    116 AM  37    2002  53     10       61
  AVERAGE         73                        65      8       64

PRECIPITATION (IN)
  YESTERDAY        0.01          0.90 1973   0.12  -0.11     0.84
  MONTH TO DATE    4.53                      2.79   1.74     5.16
  SINCE MAR 1     11.91                      9.56   2.35    14.89
  SINCE JAN 1     20.64                     16.38   4.26    19.57

SNOWFALL (IN)
  YESTERDAY        0.0                       0.0    0.0      0.0
  MONTH TO DATE    0.0                       0.0    0.0      0.0
  SINCE MAR 1      2.4                       2.5   -0.1      0.3
  SINCE JUL 1      7.1                      13.3   -6.2      4.3
  SNOW DEPTH       0

DEGREE DAYS
 HEATING
  YESTERDAY        0                         2     -2        1
  MONTH TO DATE   17                        95    -78       68
  SINCE MAR 1    994                       967     27      733
  SINCE JUL 1   4048                      4349   -301     3300

 COOLING
  YESTERDAY        8                         3      5        0
  MONTH TO DATE  100                        37     63       64
  SINCE MAR 1    103                        48     55       96
  SINCE JAN 1    112                        48     64       96
..................................................................


WIND (MPH)
  HIGHEST WIND SPEED     9   HIGHEST WIND DIRECTION    NW (300)
  HIGHEST GUST SPEED    12   HIGHEST GUST DIRECTION    SW (240)
  AVERAGE WIND SPEED     1.7


SKY COVER
  POSSIBLE SUNSHINE  MM
  AVERAGE SKY COVER 0.7


WEATHER CONDITIONS
 THE FOLLOWING WEATHER WAS RECORDED YESTERDAY.
  LIGHT RAIN
  FOG


RELATIVE HUMIDITY (PERCENT)
 HIGHEST   100          1200 AM
 LOWEST     58           200 PM
 AVERAGE    79

..........................................................


THE TRI-CITIES      ASOS CLIMATE NORMALS FOR TODAY
                         NORMAL    RECORD    YEAR
 MAXIMUM TEMPERATURE (F)   78        88      1970
                                             1953
 MINIMUM TEMPERATURE (F)   53        40      2006
                                             1961


SUNRISE AND SUNSET
MAY 24 2018...........SUNRISE   617 AM EDT   SUNSET   837 PM EDT
MAY 25 2018...........SUNRISE   616 AM EDT   SUNSET   837 PM EDT


-  INDICATES NEGATIVE NUMBERS.
R  INDICATES RECORD WAS SET OR TIED.
MM INDICATES DATA IS MISSING.
T  INDICATES TRACE AMOUNT.




$$
