000
CDUS41 KPHI 250554
CLITTN


CLIMATE REPORT
NATIONAL WEATHER SERVICE MOUNT HOLLY NJ
154 AM EDT FRI MAY 25 2018


...................................

...THE TRENTON NJ CLIMATE SUMMARY FOR MAY 24 2018...

CLIMATE NORMAL PERIOD 1981 TO 2010
CLIMATE RECORD PERIOD 1865 TO 2018


WEATHER ITEM   OBSERVED TIME   RECORD YEAR NORMAL DEPARTURE LAST
                VALUE   (LST)  VALUE       VALUE  FROM      YEAR
                                                  NORMAL
..................................................................
TEMPERATURE (F)
 YESTERDAY
  MAXIMUM         84    257 PM  94    1910  74     10       70
  MINIMUM         60    505 AM  38    1963  53      7       56
  AVERAGE         72                        64      8       63

PRECIPITATION (IN)
  YESTERDAY        0.00          2.57 1999   0.18  -0.18     0.01
  MONTH TO DATE    4.37                      3.09   1.28     3.73
  SINCE MAR 1     12.71                     10.77   1.94    11.50
  SINCE JAN 1     21.26                     16.24   5.02    16.24

DEGREE DAYS
 HEATING
  YESTERDAY        0                         4     -4        2
  MONTH TO DATE   55                       148    -93      160
  SINCE MAR 1   1333                      1302     31     1209
  SINCE JUL 1   4820                      5116   -296     4428

 COOLING
  YESTERDAY        7                         2      5        0
  MONTH TO DATE   64                        31     33       47
  SINCE MAR 1     70                        39     31       78
  SINCE JAN 1     73                        39     34       78
..................................................................


WIND (MPH)
  HIGHEST WIND SPEED    14   HIGHEST WIND DIRECTION     N (350)
  HIGHEST GUST SPEED    21   HIGHEST GUST DIRECTION     N (350)
  AVERAGE WIND SPEED     6.1


SKY COVER
  POSSIBLE SUNSHINE  MM
  AVERAGE SKY COVER 0.0


WEATHER CONDITIONS
 THE FOLLOWING WEATHER WAS RECORDED YESTERDAY.
  NO SIGNIFICANT WEATHER WAS OBSERVED.


RELATIVE HUMIDITY (PERCENT)
 HIGHEST    78           300 AM
 LOWEST     26           300 PM
 AVERAGE    52

..........................................................


THE TRENTON NJ CLIMATE NORMALS FOR TODAY
                         NORMAL    RECORD    YEAR
 MAXIMUM TEMPERATURE (F)   75        93      1880
 MINIMUM TEMPERATURE (F)   53        40      1956


SUNRISE AND SUNSET
MAY 25 2018...........SUNRISE   535 AM EDT   SUNSET   817 PM EDT
MAY 26 2018...........SUNRISE   535 AM EDT   SUNSET   818 PM EDT


-  INDICATES NEGATIVE NUMBERS.
R  INDICATES RECORD WAS SET OR TIED.
MM INDICATES DATA IS MISSING.
T  INDICATES TRACE AMOUNT.




$$
