333
CDUS45 KBOI 230932
CLITWF


CLIMATE REPORT
NATIONAL WEATHER SERVICE BOISE ID
332 AM MDT WED MAY 23 2018


...................................

...THE TWIN FALLS ID CLIMATE SUMMARY FOR MAY 22 2018...

CLIMATE NORMAL PERIOD 1981 TO 2010
CLIMATE RECORD PERIOD 9999 TO 9999


WEATHER ITEM   OBSERVED TIME   NORMAL DEPARTURE LAST
                VALUE   (LST)  VALUE  FROM      YEAR
                                      NORMAL
......................................................
TEMPERATURE (F)
 YESTERDAY
  MAXIMUM         73   1234 PM  72      1       77
  MINIMUM         50   1133 PM  44      6       47
  AVERAGE         62

PRECIPITATION (IN)
  YESTERDAY        0.03          0.05  -0.02     0.00
  MONTH TO DATE    0.88          0.98  -0.10     0.75
  SINCE OCT 1      6.43          8.20  -1.77    10.50
  SINCE JAN 1      3.87          4.95  -1.08     6.00

DEGREE DAYS
 HEATING
  YESTERDAY        3             8     -5        3
  MONTH TO DATE  169           227    -58      269
  SINCE MAR 1   1449          1458     -9     1470
  SINCE JUL 1   5981          6025    -44     6250

 COOLING
  YESTERDAY        0             1     -1        0
  MONTH TO DATE    4            10     -6        1
  SINCE MAR 1      4            11     -7        1
  SINCE JAN 1      4            11     -7        1
......................................................


WIND (MPH)
  HIGHEST WIND SPEED    28   HIGHEST WIND DIRECTION     S (170)
  HIGHEST GUST SPEED    36   HIGHEST GUST DIRECTION     S (180)
  AVERAGE WIND SPEED     7.2


SKY COVER
  AVERAGE SKY COVER 0.3


WEATHER CONDITIONS
 THE FOLLOWING WEATHER WAS RECORDED YESTERDAY.
  THUNDERSTORM
  LIGHT RAIN


RELATIVE HUMIDITY (PERCENT)
 HIGHEST    93           900 PM
 LOWEST     44           200 PM
 AVERAGE    69

..........................................................




SUNRISE AND SUNSET
MAY 23 2018...........SUNRISE   609 AM MDT   SUNSET   901 PM MDT
MAY 24 2018...........SUNRISE   608 AM MDT   SUNSET   902 PM MDT


-  INDICATES NEGATIVE NUMBERS.
R  INDICATES RECORD WAS SET OR TIED.
MM INDICATES DATA IS MISSING.
T  INDICATES TRACE AMOUNT.




$$
