430
CDUS44 KSHV 262150
CLITXK


CLIMATE REPORT
NATIONAL WEATHER SERVICE SHREVEPORT, LA
450 PM CDT SAT MAY 26 2018


...................................

...THE TEXARKANA CLIMATE SUMMARY FOR MAY 26 2018...
VALID TODAY AS OF 0400 PM LOCAL TIME.

CLIMATE NORMAL PERIOD 1981 TO 2010
CLIMATE RECORD PERIOD 1896 TO 2018


WEATHER ITEM   OBSERVED TIME   RECORD YEAR NORMAL DEPARTURE LAST
                VALUE   (LST)  VALUE       VALUE  FROM      YEAR
                                                  NORMAL
..................................................................
TEMPERATURE (F)
 TODAY
  MAXIMUM         92    217 PM  96    1898  85      7       87
  MINIMUM         66    529 AM  43    1925  64      2       66
  AVERAGE         79                        74      5       77

PRECIPITATION (IN)
  TODAY            0.00          2.37 1976   0.15  -0.15     0.00
  MONTH TO DATE    1.78                      4.37  -2.59     3.50
  SINCE DEC 1     31.59                     24.95   6.64    26.54
  SINCE JAN 1     25.00                     19.90   5.10    20.12

DEGREE DAYS
 HEATING
  TODAY            0                         0      0        0
  MONTH TO DATE    0                        12    -12       11
  SINCE MAR 1    411                       421    -10      256
  SINCE JUL 1   2526                      2615    -89     1707

 COOLING
  TODAY           14                         9      5       12
  MONTH TO DATE  302                       172    130      130
  SINCE MAR 1    348                       265     83      275
  SINCE JAN 1    362                       269     93      307
..................................................................


WIND (MPH)
  HIGHEST WIND SPEED     8   HIGHEST WIND DIRECTION     N (10)
  HIGHEST GUST SPEED    10   HIGHEST GUST DIRECTION     N (350)
  AVERAGE WIND SPEED     2.7


SKY COVER
  POSSIBLE SUNSHINE  MM
  AVERAGE SKY COVER 0.0


WEATHER CONDITIONS
 THE FOLLOWING WEATHER WAS RECORDED TODAY.
  FOG


RELATIVE HUMIDITY (PERCENT)
 HIGHEST   100           100 AM
 LOWEST     47           200 PM
 AVERAGE    74

..........................................................


THE TEXARKANA CLIMATE NORMALS FOR TOMORROW
                         NORMAL    RECORD    YEAR
 MAXIMUM TEMPERATURE (F)   85        97      1928
 MINIMUM TEMPERATURE (F)   64        46      1961


SUNRISE AND SUNSET
MAY 26 2018...........SUNRISE   609 AM CDT   SUNSET   817 PM CDT
MAY 27 2018...........SUNRISE   609 AM CDT   SUNSET   818 PM CDT


-  INDICATES NEGATIVE NUMBERS.
R  INDICATES RECORD WAS SET OR TIED.
MM INDICATES DATA IS MISSING.
T  INDICATES TRACE AMOUNT.




$$
