000
CDUS44 KCRP 191022
CLIVCT

CLIMATE REPORT
NATIONAL WEATHER SERVICE CORPUS CHRISTI TX
518 AM CDT THU APR 19 2018


...................................

...THE VICTORIA CLIMATE SUMMARY FOR APRIL 18 2018...

CLIMATE NORMAL PERIOD 1981 TO 2010
CLIMATE RECORD PERIOD 1893 TO 2018


WEATHER ITEM   OBSERVED TIME   RECORD YEAR NORMAL DEPARTURE LAST
                VALUE   (LST)  VALUE       VALUE  FROM      YEAR
                                                  NORMAL
..................................................................
TEMPERATURE (F)
 YESTERDAY
  MAXIMUM         84    148 PM  93    1920  81      3       78
  MINIMUM         67    212 AM  42    1921  60      7       67
  AVERAGE         76                        70      6       73

PRECIPITATION (IN)
  YESTERDAY        0.00          1.69 1976   0.09  -0.09     1.01
  MONTH TO DATE    0.75                      1.61  -0.86     2.78
  SINCE MAR 1      2.70                      4.38  -1.68     7.76
  SINCE JAN 1      4.88                      8.98  -4.10    16.36

SNOWFALL (IN)
  YESTERDAY        0.0
  MONTH TO DATE    0.0
  SINCE MAR 1      0.0
  SINCE JUL 1      2.0
  SNOW DEPTH       0

DEGREE DAYS
 HEATING
  YESTERDAY        0                         1     -1        0
  MONTH TO DATE   29                        25      4        2
  SINCE MAR 1     84                       150    -66       36
  SINCE JUL 1   1131                      1243   -112      567

 COOLING
  YESTERDAY       11                         6      5        8
  MONTH TO DATE   83                        88     -5      133
  SINCE MAR 1    233                       162     71      313
  SINCE JAN 1    323                       200    123      520
..................................................................


WIND (MPH)
  HIGHEST WIND SPEED    17   HIGHEST WIND DIRECTION     S (180)
  HIGHEST GUST SPEED    23   HIGHEST GUST DIRECTION     S (190)
  AVERAGE WIND SPEED     7.4


SKY COVER
  POSSIBLE SUNSHINE  MM
  AVERAGE SKY COVER 0.9


WEATHER CONDITIONS
 THE FOLLOWING WEATHER WAS RECORDED YESTERDAY.
  NO SIGNIFICANT WEATHER WAS OBSERVED.


RELATIVE HUMIDITY (PERCENT)
 HIGHEST    87           100 AM
 LOWEST     51           100 PM
 AVERAGE    69

..........................................................


THE VICTORIA CLIMATE NORMALS FOR TODAY
                         NORMAL    RECORD    YEAR
 MAXIMUM TEMPERATURE (F)   81        93      2011
 MINIMUM TEMPERATURE (F)   60        44      1953
                                             1940


SUNRISE AND SUNSET
APRIL 19 2018.........SUNRISE   658 AM CDT   SUNSET   756 PM CDT
APRIL 20 2018.........SUNRISE   657 AM CDT   SUNSET   757 PM CDT


-  INDICATES NEGATIVE NUMBERS.
R  INDICATES RECORD WAS SET OR TIED.
MM INDICATES DATA IS MISSING.
T  INDICATES TRACE AMOUNT.




$$
