675
CDUS42 KMLB 280626
CLIVRB


CLIMATE REPORT
NATIONAL WEATHER SERVICE MELBOURNE FL
226 AM EDT MON MAY 28 2018


...................................

...THE VERO BEACH CLIMATE SUMMARY FOR MAY 27 2018...

CLIMATE NORMAL PERIOD 1981 TO 2010
CLIMATE RECORD PERIOD 1942 TO 2018


WEATHER ITEM   OBSERVED TIME   RECORD YEAR NORMAL DEPARTURE LAST
                VALUE   (LST)  VALUE       VALUE  FROM      YEAR
                                                  NORMAL
..................................................................
TEMPERATURE (F)
 YESTERDAY
  MAXIMUM         82    150 PM  98    1953  86     -4       93
  MINIMUM         73    431 AM  55    1979  70      3       67
  AVERAGE         78                        78      0       80

PRECIPITATION (IN)
  YESTERDAY        1.37          2.67 1990   0.14   1.23     0.00
  MONTH TO DATE    8.46                      2.73   5.73     4.57
  SINCE MAR 1     13.33                      9.57   3.76     9.08
  SINCE JAN 1     16.54                     14.74   1.80    11.04

SNOWFALL (IN)
  YESTERDAY        0.0
  MONTH TO DATE    0.0
  SINCE JUL 1      0.0

DEGREE DAYS
 HEATING
  YESTERDAY        0                         0      0        0
  MONTH TO DATE    0                         0      0        0
  SINCE MAR 1     98                        70     28       42
  SINCE JUL 1    365                       455    -90      185

 COOLING
  YESTERDAY       13                        13      0       15
  MONTH TO DATE  302                       293      9      343
  SINCE MAR 1    639                       612     27      800
  SINCE JAN 1    928                       751    177     1001
..................................................................


WIND (MPH)
  HIGHEST WIND SPEED    35   HIGHEST WIND DIRECTION     S (160)
  HIGHEST GUST SPEED    44   HIGHEST GUST DIRECTION     S (160)
  AVERAGE WIND SPEED    15.8


SKY COVER
  AVERAGE SKY COVER 0.7


WEATHER CONDITIONS
 THE FOLLOWING WEATHER WAS RECORDED YESTERDAY.
  THUNDERSTORM
  HEAVY RAIN
  RAIN
  LIGHT RAIN
  FOG
  HAZE


RELATIVE HUMIDITY (PERCENT)
 HIGHEST   100           500 AM
 LOWEST     79           100 PM
 AVERAGE    90

..........................................................


THE VERO BEACH CLIMATE NORMALS FOR TODAY
                         NORMAL    RECORD    YEAR
 MAXIMUM TEMPERATURE (F)   87        96      1967
 MINIMUM TEMPERATURE (F)   70        62      1985


SUNRISE AND SUNSET
MAY 28 2018...........SUNRISE   627 AM EDT   SUNSET   811 PM EDT
MAY 29 2018...........SUNRISE   627 AM EDT   SUNSET   811 PM EDT


-  INDICATES NEGATIVE NUMBERS.
R  INDICATES RECORD WAS SET OR TIED.
MM INDICATES DATA IS MISSING.
T  INDICATES TRACE AMOUNT.




$$
