000
CDUS43 KLBF 212056
CLIVTN


CLIMATE REPORT
NATIONAL WEATHER SERVICE NORTH PLATTE
355 PM CDT SAT APR 21 2018


...................................

...THE VALENTINE NE CLIMATE SUMMARY FOR APRIL 20 2018...

CLIMATE NORMAL PERIOD 1981 TO 2010
CLIMATE RECORD PERIOD 1885 TO 2018


WEATHER ITEM   OBSERVED TIME   RECORD YEAR NORMAL DEPARTURE LAST
                VALUE   (LST)  VALUE       VALUE  FROM      YEAR
                                                  NORMAL
..................................................................
TEMPERATURE (F)
 YESTERDAY
  MAXIMUM         50    233 PM  92    1980  62    -12       65
  MINIMUM         33    649 AM   6    1966  35     -2       37
  AVERAGE         42                        48     -6       51

PRECIPITATION (IN)
  YESTERDAY        0.10          1.29 1912   0.09   0.01     0.00
  MONTH TO DATE    1.70                      1.34   0.36     1.23
  SINCE MAR 1      3.24                      2.41   0.83     1.99
  SINCE JAN 1      4.51                      3.15   1.36     4.06

SNOWFALL (IN)
  YESTERDAY        0.0           5.4  1909   0.1   -0.1      0.0
  MONTH TO DATE   15.7                       3.5   12.2      0.7
  SINCE MAR 1     25.8                      10.0   15.8      2.7
  SINCE JUL 1     45.5                      32.1   13.4     44.5
  SNOW DEPTH       0

DEGREE DAYS
 HEATING
  YESTERDAY       23                        17      6       14
  MONTH TO DATE  599                       407    192      263
  SINCE MAR 1   1478                      1300    178     1024
  SINCE JUL 1   6571                      6536     35     5783

 COOLING
  YESTERDAY        0                         0      0        0
  MONTH TO DATE    0                         0      0        2
  SINCE MAR 1      0                         0      0        2
  SINCE JAN 1      0                         0      0        2
..................................................................


WIND (MPH)
  HIGHEST WIND SPEED    24   HIGHEST WIND DIRECTION     S (160)
  HIGHEST GUST SPEED    30   HIGHEST GUST DIRECTION     S (160)
  AVERAGE WIND SPEED    10.0


SKY COVER
  POSSIBLE SUNSHINE  MM
  AVERAGE SKY COVER 0.5


WEATHER CONDITIONS
 THE FOLLOWING WEATHER WAS RECORDED YESTERDAY.
  LIGHT RAIN
  FOG


RELATIVE HUMIDITY (PERCENT)
 HIGHEST    93          1000 PM
 LOWEST     46          1200 PM
 AVERAGE    70

..........................................................


THE VALENTINE NE CLIMATE NORMALS FOR TODAY
                         NORMAL    RECORD    YEAR
 MAXIMUM TEMPERATURE (F)   63        96      1980
 MINIMUM TEMPERATURE (F)   35        13      1966


SUNRISE AND SUNSET
APRIL 21 2018.........SUNRISE   651 AM CDT   SUNSET   832 PM CDT
APRIL 22 2018.........SUNRISE   649 AM CDT   SUNSET   833 PM CDT


-  INDICATES NEGATIVE NUMBERS.
R  INDICATES RECORD WAS SET OR TIED.
MM INDICATES DATA IS MISSING.
T  INDICATES TRACE AMOUNT.




$$
