000
CDUS41 KAKQ 260533
CLIWAL


CLIMATE REPORT
NATIONAL WEATHER SERVICE WAKEFIELD, VA
132 AM EDT THU APR 26 2018


...................................

...THE WALLOPS ISLAND VA CLIMATE SUMMARY FOR APRIL 25 2018...

CLIMATE NORMAL PERIOD 1981 TO 2010
CLIMATE RECORD PERIOD 1963 TO 2018


WEATHER ITEM   OBSERVED TIME   RECORD YEAR NORMAL DEPARTURE
                VALUE   (LST)  VALUE       VALUE  FROM
                                                  NORMAL
...............................................................
TEMPERATURE (F)
 YESTERDAY
  MAXIMUM         69    351 PM  85    2009  66      3
  MINIMUM         56    659 AM  37    1999  48      8
  AVERAGE         63                        57      6

PRECIPITATION (IN)
  YESTERDAY        0.06          1.00        0.09  -0.03
  MONTH TO DATE    1.97                      2.63  -0.66
  SINCE MAR 1      5.49                      6.63  -1.14
  SINCE JAN 1     11.01                     12.43  -1.42

SNOWFALL (IN)
  YESTERDAY        0.0           0.0    MM   0.0    0.0
  MONTH TO DATE    T                         0.1   -0.1
  SINCE NOV 1     11.8                       7.9    3.9
  SINCE JUL 1     11.8                       7.9    3.9

DEGREE DAYS
 HEATING
  YESTERDAY        2                               -7
  MONTH TO DATE  307                                4
  SINCE MAR 1    978                               56
  SINCE JUL 1   3805                             -197

 COOLING
  YESTERDAY        0                               -1
  MONTH TO DATE    3                                0
  SINCE MAR 1      3                               -1
  SINCE JAN 1      4                                0
...............................................................


WIND (MPH)
  HIGHEST WIND SPEED    17   HIGHEST WIND DIRECTION     S (190)
  HIGHEST GUST SPEED    22   HIGHEST GUST DIRECTION     E (110)
  AVERAGE WIND SPEED     8.9




RELATIVE HUMIDITY (PERCENT)
 HIGHEST   100
 LOWEST     76
 AVERAGE    88

..........................................................


THE WALLOPS ISLAND VA CLIMATE NORMALS FOR TODAY
                         NORMAL    RECORD    YEAR
 MAXIMUM TEMPERATURE (F)   66        93      1990
 MINIMUM TEMPERATURE (F)   48        38      2001


SUNRISE AND SUNSET
APRIL 26 2018.........SUNRISE   612 AM EDT   SUNSET   748 PM EDT
APRIL 27 2018.........SUNRISE   611 AM EDT   SUNSET   749 PM EDT


-  INDICATES NEGATIVE NUMBERS.
R  INDICATES RECORD WAS SET OR TIED.
MM INDICATES DATA IS MISSING.
T  INDICATES TRACE AMOUNT.




$$
