587
CDAK47 PAJK 261132
CLIYAK
CLIMATE REPORT
NATIONAL WEATHER SERVICE JUNEAU, AK
331 AM AKDT SAT MAY 26 2018


...................................

...THE YAKUTAT CLIMATE SUMMARY FOR MAY 25 2018...

CLIMATE NORMAL PERIOD 1981 TO 2010
CLIMATE RECORD PERIOD 1917 TO 2018


WEATHER ITEM   OBSERVED RECORD YEAR NORMAL DEPARTURE LAST
                VALUE   VALUE       VALUE  FROM      YEAR
                                           NORMAL
...........................................................
TEMPERATURE (F)
 YESTERDAY
  MAXIMUM         48     74    1947  54     -6       49
  MINIMUM         42     25    1966  40      2       35
  AVERAGE         45                 47     -2       42

PRECIPITATION (IN)
  YESTERDAY        0.54   1.90 1964   0.27   0.27     0.20
  MONTH TO DATE   14.69               6.69   8.00     8.08
  SINCE JAN 1     41.42              51.44 -10.02    39.97

DEGREE DAYS
 HEATING
  YESTERDAY       20                 18      2       23
  MONTH TO DATE  465                523    -58      505
...........................................................


WIND (MPH)
  HIGHEST WIND SPEED    16   HIGHEST WIND DIRECTION    SE (140)
  HIGHEST GUST SPEED    24   HIGHEST GUST DIRECTION    SE (140)
  AVERAGE WIND SPEED     7.6


SKY COVER
  AVERAGE SKY COVER 1.0


WEATHER CONDITIONS
 THE FOLLOWING WEATHER WAS RECORDED YESTERDAY.
  LIGHT RAIN
  FOG


..........................................................


THE YAKUTAT CLIMATE NORMALS FOR TODAY
                         NORMAL    RECORD    YEAR
 MAXIMUM TEMPERATURE (F)   54        72      1947
 MINIMUM TEMPERATURE (F)   40        30      2001
                                             1952


SUNRISE AND SUNSET
MAY 26 2018...........SUNRISE   422 AM AKDT  SUNSET  1011 PM AKDT
MAY 27 2018...........SUNRISE   420 AM AKDT  SUNSET  1013 PM AKDT


-  INDICATES NEGATIVE NUMBERS.
R  INDICATES RECORD WAS SET OR TIED.
MM INDICATES DATA IS MISSING.
T  INDICATES TRACE AMOUNT.




$$
--------------------------------------------------------------

AMOUNT OF DAYLIGHT TODAY (HOUR:MIN)......... 17 HOURS 49 MINUTES
GAIN/LOSS SINCE YESTERDAY (HOUR:MIN:SEC).... +0:03:44

$$
