000
CXUS54 KFWD 101539
CLMACT


CLIMATE REPORT
NATIONAL WEATHER SERVICE FORT WORTH TX
1038 AM CDT THU MAY 10 2018

...................................

...THE WACO CLIMATE SUMMARY FOR THE MONTH OF APRIL 2018...

CLIMATE NORMAL PERIOD 1981 TO 2010
CLIMATE RECORD PERIOD 1901 TO 2018

WEATHER         OBSERVED          NORMAL  DEPART  LAST YEAR`S
                 VALUE   DATE(S)  VALUE   FROM    VALUE  DATE(S)
                                          NORMAL
................................................................
TEMPERATURE (F)
RECORD
 HIGH             101   04/09/1963
 LOW               26   04/07/2009
HIGHEST            86   04/28        90      -4       90  04/29
                        04/24                             04/28
LOWEST             36   04/15        38      -2       39  04/06
                        04/08
AVG. MAXIMUM     75.8              77.6    -1.8     79.4
AVG. MINIMUM     48.2              54.6    -6.4     56.5
MEAN             62.0              66.1    -4.1     68.0
DAYS MAX >= 90      0               1.2    -1.2        2
DAYS MAX <= 32      0               0.0     0.0        0
DAYS MAX >= 100     0                                  0
DAYS MIN <= 32      0               0.2    -0.2        0
DAYS MIN <= 0       0               0.0     0.0        0
DAYS MIN >= 80      0                                  0

PRECIPITATION (INCHES)
RECORD
 MAXIMUM        13.91   1977
 MINIMUM         0.12   1983
TOTALS           0.51              2.69   -2.18     7.03
DAILY AVG.       0.02              0.09   -0.07     0.23
DAYS >= .01         4               6.3    -2.3        9
DAYS >= .10         2               3.8    -1.8        4
DAYS >= .50         0               1.9    -1.9        4
DAYS >= 1.00        0               0.7    -0.7        4
GREATEST
 24 HR. TOTAL    0.23   04/21 TO 04/21              2.33

SNOWFALL (INCHES)
RECORDS
 TOTAL            3.5   2007
 24 HR TOTAL      3.5   04/07/2007 TO 04/08/2007
TOTALS            0.0               0.1    -0.1      0.0
SINCE 7/1           T               1.0    -1.0        T
SNOWDEPTH AVG.      0                MM      MM        0
DAYS >= TRACE       0                                  0
DAYS >= 1.0         0               0.0     0.0        0
GREATEST
 SNOW DEPTH         0   MM                             0  MM
 24 HR TOTAL      0.0   04/30 TO 04/30               0.0

DEGREE_DAYS
HEATING TOTAL     131                78      53       38
 SINCE 7/1       2088              2136     -48     1332
COOLING TOTAL      49               111     -62      136
 SINCE 1/1        136               154     -18      289
.................................................................

WIND (MPH)
AVERAGE WIND SPEED              11.6
HIGHEST WIND SPEED/DIRECTION    31/170    DATE  04/13
HIGHEST GUST SPEED/DIRECTION    38/170    DATE  04/13

SKY COVER
POSSIBLE SUNSHINE (PERCENT)   MM
AVERAGE SKY COVER           0.30
NUMBER OF DAYS FAIR           16
NUMBER OF DAYS PC              9
NUMBER OF DAYS CLOUDY          5

AVERAGE RH (PERCENT)     64

WEATHER CONDITIONS. NUMBER OF DAYS WITH
  0
  3
  0
  0
  0
  0
  0
HAZE                      4

-  INDICATES NEGATIVE NUMBERS.
R  INDICATES RECORD WAS SET OR TIED.
MM INDICATES DATA IS MISSING.
T  INDICATES TRACE AMOUNT.

$$
