000
CXUS51 KPHI 011932
CLMACY


CLIMATE REPORT
NATIONAL WEATHER SERVICE MOUNT HOLLY NJ
319 PM EDT TUE MAY 1 2018

...................................

...THE ATLANTIC CITY CLIMATE SUMMARY FOR THE MONTH OF APRIL 2018...

CLIMATE NORMAL PERIOD 1981 TO 2010
CLIMATE RECORD PERIOD 1874 TO 2018

WEATHER         OBSERVED          NORMAL  DEPART  LAST YEAR`S
                 VALUE   DATE(S)  VALUE   FROM    VALUE  DATE(S)
                                          NORMAL
................................................................
TEMPERATURE (F)
RECORD
 HIGH              94   04/17/2002
                        04/27/1969
 LOW               12   04/01/1969
HIGHEST            83   04/13        82       1       91  04/29
LOWEST             23   04/11        26      -3       29  04/09
AVG. MAXIMUM     61.2              61.7    -0.5     67.9
AVG. MINIMUM     39.0              41.8    -2.8     47.2
MEAN             50.1              51.7    -1.6     57.6
DAYS MAX >= 90      0               0.2    -0.2        1
DAYS MAX <= 32      0               0.0     0.0        0
DAYS MIN <= 32      8               3.7     4.3        1
DAYS MIN <= 0       0               0.0     0.0        0

PRECIPITATION (INCHES)
RECORD
 MAXIMUM         7.59   1964
 MINIMUM         0.84   1976
TOTALS           3.82              3.63    0.19     2.97
DAILY AVG.       0.13              0.12    0.01     0.10
DAYS >= .01        12              11.6     0.4       11
DAYS >= .10         7               6.9     0.1        5
DAYS >= .50         3               2.2     0.8        2
DAYS >= 1.00        1               0.9     0.1        1
GREATEST
 24 HR. TOTAL    1.51   04/16 TO 04/16              1.46

SNOWFALL (INCHES)
RECORDS
 TOTAL              T   2014
                        5
                        0
 24 HR TOTAL       MM
TOTALS              TR              0.3    -0.3      0.0
SINCE 7/1        34.1              16.5    17.6      7.7
SNOWDEPTH AVG.      0                MM      MM        0
DAYS >= 1.0         0               0.1    -0.1        0
GREATEST
 SNOW DEPTH         0   MM                             0  MM
 24 HR TOTAL        T   04/02 TO 04/02               0.0

DEGREE_DAYS
HEATING TOTAL     444               407      37      249
 SINCE 7/1       4453              4704    -251     3964
COOLING TOTAL       6                 9      -3       32
 SINCE 1/1          6                 9      -3       32
.................................................................

WIND (MPH)
AVERAGE WIND SPEED              10.7
HIGHEST WIND SPEED/DIRECTION    35/310    DATE  04/04
HIGHEST GUST SPEED/DIRECTION    50/150    DATE  04/16

SKY COVER
POSSIBLE SUNSHINE (PERCENT)   MM
AVERAGE SKY COVER           0.50
NUMBER OF DAYS FAIR           11
NUMBER OF DAYS PC              9
NUMBER OF DAYS CLOUDY          9

AVERAGE RH (PERCENT)     64

WEATHER CONDITIONS. NUMBER OF DAYS WITH
THUNDERSTORM              2     MIXED PRECIP               1
HEAVY RAIN                5     RAIN                       8
LIGHT RAIN               14     FREEZING RAIN              0
LT FREEZING RAIN          0     HEAVY SNOW                 0
SNOW                      0     LIGHT SNOW                 1
SLEET                     1     FOG                       14
FOG W/VIS <= 1/4 MILE     2     HAZE                       0

-  INDICATES NEGATIVE NUMBERS.
R  INDICATES RECORD WAS SET OR TIED.
MM INDICATES DATA IS MISSING.
T  INDICATES TRACE AMOUNT.

$$
