000
CXUS51 KPHI 011927
CLMACY
CLIMATE REPORT
NATIONAL WEATHER SERVICE MOUNT HOLLY NJ
327 PM EDT MON APR 01 2024
...................................
...THE ATLANTIC CITY AIRPORT NJ CLIMATE SUMMARY FOR THE MONTH OF MARCH 2024...
CLIMATE NORMAL PERIOD: 1991 TO 2020
CLIMATE RECORD PERIOD: 1943 TO 2024
WEATHER OBSERVED NORMAL DEPART LAST YEAR`S
VALUE DATE(S) VALUE FROM VALUE DATE(S)
NORMAL
................................................................
TEMPERATURE (F)
RECORD
HIGH 87 03/30/1998
03/29/1945
LOW 2 03/03/2014
HIGHEST 75 03/14 73 2 67 03/23
LOWEST 21 03/01 15 6 24 03/20
AVG. MAXIMUM 57.1 52.6 4.5 54.3
AVG. MINIMUM 37.9 32.6 5.3 33.7
MEAN 47.5 42.6 4.9 44.0
DAYS MAX >= 90 0 0.0 0.0 0
DAYS MAX <= 32 0 0.5 -0.5 0
DAYS MIN <= 32 6 16.6 -10.6 14
DAYS MIN <= 0 0 0.0 0.0 0
PRECIPITATION (INCHES)
RECORD
MAXIMUM 9.25 1994
MINIMUM 0.37 2006
TOTALS 9.85R 4.52 5.33 2.34
DAILY AVG. 0.32 0.15 0.17 0.08
DAYS >= .01 11 10.9 0.1 11
DAYS >= .10 8 7.3 0.7 9
DAYS >= .50 6 3.3 2.7 1
DAYS >= 1.00 5 1.2 3.8 0
GREATEST
24 HR. TOTAL 2.69 03/23 TO 03/23 0.74
SNOWFALL (INCHES)
RECORDS
TOTAL 17.6 1969
24 HR TOTAL MM
TOTALS T 2.2 -2.2 T
SINCE 7/1 7.3 17.1 -9.8 MM
SNOWDEPTH AVG. 0 0
DAYS >= 1.0 0 0.6 -0.6 0
GREATEST
SNOW DEPTH 0 0 MM
24 HR TOTAL MM T
DEGREE DAYS
HEATING TOTAL 534 695 -161 643
SINCE 7/1 3694 4138 -444 MM
COOLING TOTAL 0 1 -1 0
SINCE 1/1 0 1 -1 MM
................................................................
WIND (MPH)
AVERAGE WIND SPEED 10.9
HIGHEST WIND SPEED/DIRECTION 39/290 DATE 03/11
HIGHEST GUST SPEED/DIRECTION 57/300 DATE 03/11
SKY COVER
POSSIBLE SUNSHINE (PERCENT) MM
AVERAGE SKY COVER 0.43
NUMBER OF DAYS FAIR 15
NUMBER OF DAYS PC 9
NUMBER OF DAYS CLOUDY 7
AVERAGE RH (PERCENT) 64
WEATHER CONDITIONS. NUMBER OF DAYS WITH
THUNDERSTORM 1 MIXED PRECIP 0
HEAVY RAIN 7 RAIN 7
LIGHT RAIN 12 FREEZING RAIN 0
LT FREEZING RAIN 0 HEAVY SNOW 0
SNOW 0 LIGHT SNOW 1
SLEET 0 FOG 11
FOG W/VIS <= 1/4 MILE 1 HAZE 0
- INDICATES NEGATIVE NUMBERS.
R INDICATES RECORD WAS SET OR TIED.
MM INDICATES DATA IS MISSING.
T INDICATES TRACE AMOUNT.
$$