000
CXUS52 KGSP 012058 CCA
CLMAVL

CLIMATE REPORT...CORRECTED FOR 24 HR PRECIP AND SNOW
NATIONAL WEATHER SERVICE GREENVILLE-SPARTANBURG SC
1115 AM EDT SUN APR 1 2018

...................................

...THE ASHEVILLE CLIMATE SUMMARY FOR THE MONTH OF MARCH 2018...

CLIMATE NORMAL PERIOD 1981 TO 2010
CLIMATE RECORD PERIOD 1869 TO 2018

WEATHER         OBSERVED          NORMAL  DEPART  LAST YEAR`S
                 VALUE   DATE(S)  VALUE   FROM    VALUE  DATE(S)
                                          NORMAL
................................................................
TEMPERATURE (F)
RECORD
 HIGH              87   03/25/1929
 LOW                2   03/15/1993
HIGHEST            76   03/17        MM      MM       80  03/21
LOWEST             25   03/15        MM      MM       19  03/15
                        03/14
AVG. MAXIMUM     55.2              58.7    -3.5     59.3
AVG. MINIMUM     36.5              35.5     1.0     37.3
MEAN             45.9              47.1    -1.2     48.3
DAYS MAX >= 90      0               0.0     0.0        0
DAYS MAX <= 32      0               0.3    -0.3        1
DAYS MIN <= 32     10              11.2    -1.2       13
DAYS MIN <= 0       0               0.0     0.0        0

PRECIPITATION (INCHES)
RECORD
 MAXIMUM         9.86   1975
 MINIMUM         0.43   1889
TOTALS           3.11              3.83   -0.72     3.92
DAILY AVG.       0.10              0.12   -0.02     0.13
DAYS >= .01        13              11.0     2.0       16
DAYS >= .10         8               6.7     1.3       11
DAYS >= .50         1               2.5    -1.5        3
DAYS >= 1.00        1               1.0     0.0        0
GREATEST
 24 HR. TOTAL    1.32   02/28 TO 03/01           03/31 TO 03/31

 STORM TOTAL       MM                                 MM
 (MM/DD(HH))            MM                    03/31(00) TO 03/31(00)


SNOWFALL (INCHES)
RECORDS
 TOTAL           28.9   1960
 24 HR TOTAL     16.5   03/13/1993 TO 03/14/1993
 SNOW DEPTH        18   03/14/1993
TOTALS            1.2               1.9    -0.7      2.1
 LIQUID EQUIV    0.12              0.20   -0.08     0.21
SINCE 7/1        12.0               9.2     2.8      9.4
 LIQUID 7/1      1.20              0.90    0.30     0.94
SNOWDEPTH AVG.      0                MM      MM        0
DAYS >= TRACE       5               0.9     4.1        4
DAYS >= 1.0         1               0.4     0.6        1
GREATEST
 SNOW DEPTH         T   03/14                          2  03/12
 24 HR TOTAL      1.1   03/13 TO 03/14           03/11 TO 03/12

 STORM TOTAL       MM                                 MM
 (MM/DD(HH))            MM                    03/12(00) TO 03/12(00)


DEGREE_DAYS
HEATING TOTAL     586               555      31      507
 SINCE 7/1       3436              3772    -336     2901
COOLING TOTAL       0                 1      -1        0
 SINCE 1/1          4                 1       3        0

FREEZE DATES
RECORD
 EARLIEST     MM
 LATEST       MM
EARLIEST                        MM
LATEST                          MM
.................................................................

WIND (MPH)
AVERAGE WIND SPEED              9.8
HIGHEST WIND SPEED/DIRECTION    45/330    DATE  03/02
HIGHEST GUST SPEED/DIRECTION    57/340    DATE  03/02

SKY COVER
POSSIBLE SUNSHINE (PERCENT)   MM
AVERAGE SKY COVER           0.50
NUMBER OF DAYS FAIR           14
NUMBER OF DAYS PC              6
NUMBER OF DAYS CLOUDY         11

AVERAGE RH (PERCENT)     60

WEATHER CONDITIONS. NUMBER OF DAYS WITH
THUNDERSTORM              3     MIXED PRECIP               0
HEAVY RAIN                4     RAIN                       7
LIGHT RAIN               14     FREEZING RAIN              0
LT FREEZING RAIN          0     HAIL                       0
HEAVY SNOW                0     SNOW                       1
LIGHT SNOW                5     SLEET                      1
FOG                      13     FOG W/VIS <= 1/4 MILE      3
HAZE                      2

-  INDICATES NEGATIVE NUMBERS.
R  INDICATES RECORD WAS SET OR TIED.
MM INDICATES DATA IS MISSING.
T  INDICATES TRACE AMOUNT.

$$

LEC
