000
CXUS53 KILX 011653
CLMCMI


CLIMATE REPORT
NATIONAL WEATHER SERVICE LINCOLN IL
1151 AM CDT TUE MAY 1 2018

...................................

...THE CHAMPAIGN IL AIRPORT CLIMATE SUMMARY FOR THE MONTH OF APRIL 2018...

CLIMATE NORMAL PERIOD 1981 TO 2010
CLIMATE RECORD PERIOD 9999 TO 9999

WEATHER         OBSERVED          NORMAL  DEPART  LAST YEAR`S
                 VALUE   DATE(S)  VALUE   FROM    VALUE
                                          NORMAL
.............................................................
TEMPERATURE (F)
RECORD
 HIGH              MM   MM
 LOW               MM   MM
HIGHEST            80   04/12        MM      MM       84
LOWEST             12   04/02        MM      MM       31
AVG. MAXIMUM     56.9              63.8    -6.9     68.8
AVG. MINIMUM     34.0              39.8    -5.8     46.4
MEAN             45.4              51.8    -6.4     57.6
DAYS MAX >= 90      0               0.0     0.0        0
DAYS MAX <= 32      0               0.1    -0.1        0
DAYS MIN <= 32     14               6.4     7.6        1
DAYS MIN <= 0       0               0.0     0.0        0

PRECIPITATION (INCHES)
RECORD
 MAXIMUM           MM   MM
 MINIMUM           MM   MM
TOTALS           2.07              3.79   -1.72     5.74
DAILY AVG.       0.07              0.13   -0.06     0.19
DAYS >= .01         9                MM      MM       12
DAYS >= .10         7                MM      MM       10
DAYS >= .50         2                MM      MM        4
DAYS >= 1.00        0                MM      MM        3
GREATEST
 24 HR. TOTAL    0.54   04/14 TO 04/14              1.78

DEGREE_DAYS
HEATING TOTAL     581               406     175      237
 SINCE 7/1       5664              5664       0     4424
COOLING TOTAL       3                10      -7       24
 SINCE 1/1          3                11      -8       24
..............................................................

WIND (MPH)
AVERAGE WIND SPEED              12.8
HIGHEST WIND SPEED/DIRECTION    40/200    DATE  04/13
HIGHEST GUST SPEED/DIRECTION    48/200    DATE  04/13

AVERAGE RH (PERCENT)     66

WEATHER CONDITIONS. NUMBER OF DAYS WITH
THUNDERSTORM              2     MIXED PRECIP               0
HEAVY RAIN                3     RAIN                       5
LIGHT RAIN                7     FREEZING RAIN              0
LT FREEZING RAIN          0     HAIL                       0
HEAVY SNOW                1     SNOW                       2
LIGHT SNOW                7     SLEET                      0
FOG                      15     FOG W/VIS <= 1/4 MILE      2
HAZE                      2

-  INDICATES NEGATIVE NUMBERS.
R  INDICATES RECORD WAS SET OR TIED.
MM INDICATES DATA IS MISSING.
T  INDICATES TRACE AMOUNT.

$$
