000
CXUS42 KFFC 011638
CLMCSG


CLIMATE REPORT
NATIONAL WEATHER SERVICE PEACHTREE CITY GA
1237 PM EDT TUE MAY 1 2018

...................................

...THE COLUMBUS CLIMATE SUMMARY FOR THE MONTH OF APRIL 2018...

CLIMATE NORMAL PERIOD 1981 TO 2010
CLIMATE RECORD PERIOD 1948 TO 2018

WEATHER         OBSERVED          NORMAL  DEPART  LAST YEAR`S
                 VALUE   DATE(S)  VALUE   FROM    VALUE  DATE(S)
                                          NORMAL
................................................................
TEMPERATURE (F)
RECORD
 HIGH              94   04/30/2012
 LOW               28   04/07/1950
HIGHEST            86   04/18        93      -7       90  04/29
LOWEST             39   04/16        30       9       40  04/08
AVG. MAXIMUM     76.0              76.7    -0.7     82.0
AVG. MINIMUM     50.5              52.5    -2.0     58.3
MEAN             63.3              64.6    -1.3     70.1
DAYS MAX >= 90      0               0.3    -0.3        1
DAYS MAX <= 32      0               0.0     0.0        0
DAYS MIN <= 32      0               0.1    -0.1        0
DAYS MIN <= 0       0               0.0     0.0        0

PRECIPITATION (INCHES)
RECORD
 MAXIMUM         9.30   2014
 MINIMUM         0.49   2012
TOTALS           5.02              3.55    1.47     4.41
DAILY AVG.       0.17              0.12    0.05     0.15
DAYS >= .01         8               7.6     0.4        5
DAYS >= .10         5               5.1    -0.1        5
DAYS >= .50         4               2.5     1.5        3
DAYS >= 1.00        2               1.2     0.8        1
GREATEST
 24 HR. TOTAL    2.32   04/15 TO 04/15           04/27 TO 04/27
                                                          04/30 TO 04/30EATHER         OBSERVED          NORMAL  DEPART  LAST YEAR`S
                                                          04/30 TO 04/30EATHER         OBSERVED          NORMAL  DEPART  LAST YEAR`S

SNOWFALL (INCHES)
RECORDS
 TOTAL             MM   MM
 24 HR TOTAL       MM
TOTALS            0.0               0.0     0.0      0.0
SINCE 7/1         2.0               0.4     1.6      0.0
SNOWDEPTH AVG.      0                MM      MM        0
DAYS >= TRACE       0               0.0     0.0        0
DAYS >= 1.0         0               0.0     0.0        0
GREATEST
 24 HR TOTAL      0.0   04/30 TO 04/30           04/30 TO 04/30
                                                          04/30 TO 04/30EATHER         OBSERVED          NORMAL  DEPART  LAST YEAR`S
                                                          04/30 TO 04/30EATHER         OBSERVED          NORMAL  DEPART  LAST YEAR`S

DEGREE_DAYS
HEATING TOTAL      84                89      -5       23
 SINCE 7/1       1793              2112    -319     1356
COOLING TOTAL      37                77     -40      185
 SINCE 1/1        134               104      30      272
.................................................................

WIND (MPH)
AVERAGE WIND SPEED              7.2
HIGHEST WIND SPEED/DIRECTION    30/300    DATE  04/15
HIGHEST GUST SPEED/DIRECTION    39/300    DATE  04/15

SKY COVER
POSSIBLE SUNSHINE (PERCENT)   MM
AVERAGE SKY COVER           0.30
NUMBER OF DAYS FAIR           17
NUMBER OF DAYS PC              8
NUMBER OF DAYS CLOUDY          5

AVERAGE RH (PERCENT)     59

WEATHER CONDITIONS. NUMBER OF DAYS WITH
  0
  5
  0
  0
  0
  0
  0
HAZE                      4

-  INDICATES NEGATIVE NUMBERS.
R  INDICATES RECORD WAS SET OR TIED.
MM INDICATES DATA IS MISSING.
T  INDICATES TRACE AMOUNT.

$$
