000
CXUS51 KOKX 011526
CLMEWR

NYCCLMEWR 000
TTAA00 KOKX 011524


CLIMATE REPORT
NATIONAL WEATHER SERVICE NEW YORK NY
1124 AM EDT TUE MAY 1 2018

...................................

...THE NEWARK NJ CLIMATE SUMMARY FOR THE MONTH OF APRIL 2018...

CLIMATE NORMAL PERIOD 1981 TO 2010
CLIMATE RECORD PERIOD 1929 TO 2018

WEATHER         OBSERVED          NORMAL  DEPART  LAST YEAR`S
                 VALUE   DATE(S)  VALUE   FROM    VALUE  DATE(S)
                                          NORMAL
................................................................
TEMPERATURE (F)
RECORD
 HIGH              97   04/17/2002
 LOW               16   04/07/1982
HIGHEST            84   04/13        MM      MM       87  04/16
LOWEST             31   04/09        MM      MM       36  04/01
                        04/08
AVG. MAXIMUM     58.1              62.0    -3.9     65.8
AVG. MINIMUM     40.7              43.7    -3.0     48.6
MEAN             49.4              52.8    -3.4     57.2
DAYS MAX >= 90      0               0.2    -0.2        0
DAYS MAX <= 32      0               0.0     0.0        0
DAYS MIN <= 32      4               1.4     2.6        0
DAYS MIN <= 0       0               0.0     0.0        0

PRECIPITATION (INCHES)
RECORD
 MAXIMUM        11.85   2007
 MINIMUM         0.90   1963
TOTALS           5.85              4.20    1.65     3.49
DAILY AVG.       0.19              0.14    0.05     0.12
DAYS >= .01        14              11.5     2.5       12
DAYS >= .10         8               6.8     1.2        6
DAYS >= .50         3               2.6     0.4        3
DAYS >= 1.00        1               1.1    -0.1        1
GREATEST
 24 HR. TOTAL    2.99   04/16 TO 04/16           04/03 TO 04/04
                                                          04/01 TO 04/02EATHER         OBSERVED          NORMAL  DEPART  LAST YEAR`S
                                                          04/02 TO 04/03EATHER         OBSERVED          NORMAL  DEPART  LAST YEAR`S
 STORM TOTAL       MM                                 MM
 (MM/DD(HH))            MM                    04/04(00) TO 04/04(00)
                                                 04/02(00) TO 04/02(00)3EATHER         OBSERVED          NORMAL  DEPART  LAST YEAR`S
                                                 04/03(00) TO 04/03(00)3EATHER         OBSERVED          NORMAL  DEPART  LAST YEAR`S

SNOWFALL (INCHES)
TOTALS            5.0               0.9     4.1      0.0
 LIQUID EQUIV    0.50              0.10    0.40     0.00
SINCE 7/1        39.4              28.5    10.9     30.0
 LIQUID 7/1      3.94              2.80    1.14     3.00
SNOWDEPTH AVG.      0                MM      MM        0
DAYS >= TRACE       1               0.4     0.6        0
DAYS >= 1.0         1               0.2     0.8        0
GREATEST
 SNOW DEPTH         4   04/02                          0  MM
 24 HR TOTAL      5.0   04/02 TO 04/02           04/30 TO 04/30
                                                          04/02 TO 04/02EATHER         OBSERVED          NORMAL  DEPART  LAST YEAR`S
                                                          04/03 TO 04/03EATHER         OBSERVED          NORMAL  DEPART  LAST YEAR`S
 STORM TOTAL       MM                                 MM
 (MM/DD(HH))            MM                    04/30(00) TO 04/30(00)
                                                 04/02(00) TO 04/02(00)3EATHER         OBSERVED          NORMAL  DEPART  LAST YEAR`S
                                                 04/03(00) TO 04/03(00)3EATHER         OBSERVED          NORMAL  DEPART  LAST YEAR`S

DEGREE_DAYS
HEATING TOTAL     466               376      90      265
 SINCE 7/1       4549              4720    -171     4046
COOLING TOTAL       6                11      -5       36
 SINCE 1/1          9                12      -3       36
.................................................................

WIND (MPH)
AVERAGE WIND SPEED              10.9
HIGHEST WIND SPEED/DIRECTION    44/270    DATE  04/04
HIGHEST GUST SPEED/DIRECTION    54/260    DATE  04/04


WEATHER CONDITIONS. NUMBER OF DAYS WITH
THUNDERSTORM              1     MIXED PRECIP               0
HEAVY RAIN                3     RAIN                       4
LIGHT RAIN               18     FREEZING RAIN              0
LT FREEZING RAIN          0     HAIL                       0
HEAVY SNOW                1     SNOW                       1
LIGHT SNOW                1     SLEET                      0
FOG                      13     FOG W/VIS <= 1/4 MILE      2
HAZE                      4

-  INDICATES NEGATIVE NUMBERS.
R  INDICATES RECORD WAS SET OR TIED.
MM INDICATES DATA IS MISSING.
T  INDICATES TRACE AMOUNT.

$$
