000
CXUS52 KILM 012055
CLMFLO
CLIMATE REPORT
NATIONAL WEATHER SERVICE WILMINGTON NC
355 PM EST FRI MAR 01 2024
...................................
...THE FLORENCE SOUTH CAROLINA CLIMATE SUMMARY FOR THE MONTH OF FEBRUARY 2024...
CLIMATE NORMAL PERIOD 1991 TO 2020
CLIMATE RECORD PERIOD 1948 TO 2024
WEATHER OBSERVED NORMAL DEPART LAST YEAR`S
VALUE DATE(S) VALUE FROM VALUE DATE(S)
NORMAL
................................................................
TEMPERATURE (F)
RECORD
HIGH 86 02/24/2022
LOW 11 02/05/1996
HIGHEST 78 02/28 MM MM 84 02/23
LOWEST 26 02/19 MM MM 28 02/04
AVG. MAXIMUM 63.4 60.8 2.6 67.5
AVG. MINIMUM 38.6 38.6 -0.0 44.6
MEAN 51.0 49.7 1.3 56.0
DAYS MAX >= 90 0 0.0 0.0 0
DAYS MAX <= 32 0 0.1 -0.1 0
DAYS MIN <= 32 9 8.3 0.7 4
DAYS MIN <= 0 0 0.0 0.0 0
PRECIPITATION (INCHES)
RECORD
MAXIMUM 7.24 2021
MINIMUM 0.05 1968
TOTALS 1.85 3.00 -1.15 3.05
DAILY AVG. 0.06
DAYS >= .01 6 9.0 -3.0
DAYS >= .10 5 6.2 -1.2
DAYS >= .50 1 2.0 -1.0
DAYS >= 1.00 1 0.5 0.5
GREATEST
24 HR. TOTAL 1.33 02/11 TO 02/12
DEGREE DAYS
HEATING TOTAL 401 435 -34 273
SINCE 7/1 1780 1946 -166
COOLING TOTAL 2 6 -4 30
SINCE 1/1 15 9 6
FREEZE DATES
RECORD
EARLIEST 10/14/1988
LATEST 04/20/1983
EARLIEST 11/03
LATEST 03/21
................................................................
WIND (MPH)
AVERAGE WIND SPEED 7.4
RESULTANT WIND SPEED/DIRECTION 1/290
HIGHEST WIND SPEED/DIRECTION 38/310 DATE 02/24
HIGHEST GUST SPEED/DIRECTION 60/330 DATE 02/24
SKY COVER
AVERAGE SKY COVER 0.18
AVERAGE RH (PERCENT) 62
WEATHER CONDITIONS. NUMBER OF DAYS WITH
THUNDERSTORM 1 MIXED PRECIP MM
HEAVY RAIN 3 RAIN 5
LIGHT RAIN 7 FREEZING RAIN 0
LT FREEZING RAIN 0 HAIL MM
HEAVY SNOW 0 SNOW 0
LIGHT SNOW 0 SLEET MM
FOG 11 FOG W/VIS <= 1/4 MILE 3
HAZE 8
- INDICATES NEGATIVE NUMBERS.
R INDICATES RECORD WAS SET OR TIED.
MM INDICATES DATA IS MISSING.
T INDICATES TRACE AMOUNT.
$$