000
CXUS53 KGLD 021403 RRA
CLMITR

CLIMATE REPORT
NATIONAL WEATHER SERVICE GOODLAND
757 AM MDT MON APR 2 2018

...................................

...THE BURLINGTON CLIMATE SUMMARY FOR THE MONTH OF MARCH 2018...

CLIMATE NORMAL PERIOD 1981 TO 2010
CLIMATE RECORD PERIOD 1896 TO 2018

WEATHER         OBSERVED          NORMAL  DEPART  LAST YEAR`S
                 VALUE   DATE(S)  VALUE   FROM    VALUE  DATE(S)
                                          NORMAL
................................................................
TEMPERATURE (F)
RECORD
 HIGH              93   03/19/1921
 LOW              -22   03/03/1960
HIGHEST            84   03/23        78       6       86  03/19
LOWEST             11   03/07        10       1       10  03/02
AVG. MAXIMUM     59.5              54.3     5.2     63.1
AVG. MINIMUM     24.2              25.1    -0.9     29.0
MEAN             41.8              39.7     2.1     46.1
DAYS MAX >= 90      0               0.0     0.0        0
DAYS MAX <= 32      0               1.8    -1.8        0
DAYS MIN <= 32     27              25.5     1.5       18
DAYS MIN <= 0       0               0.3    -0.3        0

PRECIPITATION (INCHES)
RECORD
 MAXIMUM         4.90   1981
 MINIMUM         0.00   1997
TOTALS           0.31              0.89   -0.58     2.93
DAILY AVG.       0.01              0.03   -0.02     0.09
DAYS >= .01         3                MM      MM        4
DAYS >= .10         2                MM      MM        4
DAYS >= .50         0                MM      MM        1
DAYS >= 1.00        0                MM      MM        1
GREATEST
 24 HR. TOTAL    0.15   03/19 TO 03/19              2.25


.................................................................



-  INDICATES NEGATIVE NUMBERS.
R  INDICATES RECORD WAS SET OR TIED.
MM INDICATES DATA IS MISSING.
T  INDICATES TRACE AMOUNT.

$$
