000
CXUS54 KLUB 011520
CLMLBB


CLIMATE REPORT
NATIONAL WEATHER SERVICE LUBBOCK, TX
1018 AM CDT SUN APR 1 2018

...................................

...THE LUBBOCK CLIMATE SUMMARY FOR THE MONTH OF MARCH 2018...

CLIMATE NORMAL PERIOD 1981 TO 2010
CLIMATE RECORD PERIOD 1911 TO 2018

WEATHER         OBSERVED          NORMAL  DEPART  LAST YEAR`S
                 VALUE   DATE(S)  VALUE   FROM    VALUE  DATE(S)
                                          NORMAL
................................................................
TEMPERATURE (F)
RECORD
 HIGH              95   03/11/1989
                        03/31/1946
 LOW               -2   03/02/1922
HIGHEST            90   03/22                         93  03/20
LOWEST             22   03/07                         27  03/02
AVG. MAXIMUM     72.2              66.7     5.5     74.7
AVG. MINIMUM     40.8              37.0     3.8     43.6
MEAN             56.5              51.9     4.6     59.2
DAYS MAX >= 90      1               0.3     0.7        2
DAYS MAX <= 32      0               0.2    -0.2        0
DAYS MIN <= 32      6               8.6    -2.6        2
DAYS MIN <= 0       0               0.0     0.0        0

PRECIPITATION (INCHES)
RECORD
 MAXIMUM         5.94   2007
 MINIMUM         0.00   1956
TOTALS           0.87              1.10   -0.23     0.67
DAILY AVG.       0.03              0.04   -0.01     0.02
DAYS >= .01         5                                  3
DAYS >= .10         1                                  3
DAYS >= .50         1                                  0
DAYS >= 1.00        0                                  0
GREATEST
 24 HR. TOTAL    0.77   03/27 TO 03/27

SNOWFALL (INCHES)
RECORDS
 TOTAL           16.5   1915
 24 HR TOTAL       MM
 SNOW DEPTH        MM   MM
TOTALS            0.0               0.6    -0.6      0.0
SINCE 7/1         0.3               8.0    -7.7      0.2
SNOWDEPTH AVG.      0                MM      MM        0
DAYS >= TRACE       0               0.8    -0.8        0
DAYS >= 1.0         0               0.1    -0.1        0
GREATEST
 SNOW DEPTH         0   MM                             0  MM
 24 HR TOTAL      0.0   03/31 TO 03/31           03/31 TO 03/31
                                                          03/31 TO 03/31
                                                          03/31 TO 03/31

DEGREE_DAYS
HEATING TOTAL     285               415    -130      220
 SINCE 7/1       2806              3154    -348     2304
COOLING TOTAL      27                 7      20       46
 SINCE 1/1         30                 7      23       50
..................................................

WIND (MPH)
AVERAGE WIND SPEED              13.6
HIGHEST WIND SPEED/DIRECTION    48/290    DATE  03/19
HIGHEST GUST SPEED/DIRECTION    59/290    DATE  03/18

SKY COVER
POSSIBLE SUNSHINE (PERCENT)   MM
AVERAGE SKY COVER           0.50
NUMBER OF DAYS FAIR            6
NUMBER OF DAYS PC             21
NUMBER OF DAYS CLOUDY          4

AVERAGE RH (PERCENT)     39

WEATHER CONDITIONS. NUMBER OF DAYS WITH
THUNDERSTORM              0     MIXED PRECIP               0
HEAVY RAIN                1     RAIN                       2
LIGHT RAIN                6     FREEZING RAIN              0
LT FREEZING RAIN          0     HAIL                       0
HEAVY SNOW                0     SNOW                       0
LIGHT SNOW                0     SLEET                      0
FOG                       5     FOG W/VIS <= 1/4 MILE      0
HAZE                      7

-  INDICATES NEGATIVE NUMBERS.
R  INDICATES RECORD WAS SET OR TIED.
MM INDICATES DATA IS MISSING.
T  INDICATES TRACE AMOUNT.

$$
