000
CXUS51 KCAR 040746
CLMMLT


CLIMATE REPORT
NATIONAL WEATHER SERVICE CARIBOU, ME
345 AM EDT FRI MAY 4 2018

...................................

...THE MILLINOCKET ME CLIMATE SUMMARY FOR THE MONTH OF APRIL 2018...

CLIMATE NORMAL PERIOD 1981 TO 2010
CLIMATE RECORD PERIOD 1903 TO 2018

WEATHER         OBSERVED          NORMAL  DEPART  LAST YEAR`S
                 VALUE   DATE(S)  VALUE   FROM    VALUE  DATE(S)
                                          NORMAL
................................................................
TEMPERATURE (F)
RECORD
 HIGH              87   04/28/1990
                        04/25/1913
 LOW               -5   04/02/1923
HIGHEST            72   04/24        MM      MM       73  04/29
LOWEST             10   04/06        MM      MM       20  04/04
AVG. MAXIMUM     47.6              51.0    -3.4     51.1
AVG. MINIMUM     28.4              30.9    -2.5     33.9
MEAN             38.0              40.9    -2.9     42.5
DAYS MAX >= 90      0               0.0     0.0        0
DAYS MAX <= 32      1               0.5     0.5        0
DAYS MIN <= 32     19              16.9     2.1       15
DAYS MIN <= 0       0               0.0     0.0        0

PRECIPITATION (INCHES)
RECORD
 MAXIMUM           MM   MM
 MINIMUM           MM   MM
TOTALS           4.36                      0.80
DAILY AVG.       0.15              0.12    0.03     0.13
DAYS >= .01        12                MM      MM       19
DAYS >= .10        11                MM      MM        8
DAYS >= .50         3                MM      MM        3
DAYS >= 1.00        1                MM      MM        0

SNOWFALL (INCHES)
RECORDS
 TOTAL             MM   MM
TOTALS             MM                MM      MM       MM
SINCE 7/1          MM                MM      MM       MM
SNOWDEPTH AVG.     MM                MM      MM       MM
DAYS >= 1.0         0                MM      MM        0
GREATEST
 SNOW DEPTH        MM                                 MM  MM
 24 HR TOTAL       MM                                 MM

DEGREE_DAYS
HEATING TOTAL     803               722      81      666
 SINCE 7/1       7617              7921    -304     7462
COOLING TOTAL       0                 0       0        0
 SINCE 1/1          0                 0       0        0
.................................................................

WIND (MPH)
AVERAGE WIND SPEED              5.9
HIGHEST WIND SPEED/DIRECTION    23/310    DATE  04/09
HIGHEST GUST SPEED/DIRECTION    38/280    DATE  04/05

SKY COVER
POSSIBLE SUNSHINE (PERCENT)   MM
AVERAGE SKY COVER           0.60
NUMBER OF DAYS FAIR            8
NUMBER OF DAYS PC             11
NUMBER OF DAYS CLOUDY         11

AVERAGE RH (PERCENT)     63

WEATHER CONDITIONS. NUMBER OF DAYS WITH
  0
  8
  1
  0
  2
  0
  4
HAZE                      4

-  INDICATES NEGATIVE NUMBERS.
R  INDICATES RECORD WAS SET OR TIED.
MM INDICATES DATA IS MISSING.
T  INDICATES TRACE AMOUNT.

$$
