000
CXUS53 KDDC 011537
CLMP28


CLIMATE REPORT
NATIONAL WEATHER SERVICE DODGE CITY KS
1016 AM CDT TUE MAY 1 2018

...................................

...THE MEDICINE LODGE KS CLIMATE SUMMARY FOR THE MONTH OF APRIL 2018...

CLIMATE NORMAL PERIOD 1981 TO 2010
CLIMATE RECORD PERIOD 1893 TO 2018

WEATHER         OBSERVED          NORMAL  DEPART  LAST YEAR`S
                 VALUE   DATE(S)  VALUE   FROM    VALUE  DATE(S)
                                          NORMAL
................................................................
TEMPERATURE (F)
RECORD
 HIGH             100   04/13/2006
                        04/29/1910
 LOW               14   04/03/1975
HIGHEST            96   04/12        MM      MM       87  04/09
LOWEST             19   04/07        MM      MM       30  04/06
                        04/04
AVG. MAXIMUM     66.2              68.5    -2.3     69.5
AVG. MINIMUM     35.9              43.8    -7.9     46.1
MEAN             51.0              56.1    -5.1     57.8
DAYS MAX >= 90      2               0.5     1.5        0
DAYS MAX <= 32      0               0.0     0.0        0
DAYS MIN <= 32     12               3.2     8.8        2
DAYS MIN <= 0       0               0.0     0.0        0

PRECIPITATION (INCHES)
RECORD
 MAXIMUM         7.67   1947
 MINIMUM         0.00   1893
TOTALS           1.39              2.43   -1.04     4.22
DAYS >= .01         7               8.3    -1.3       14
DAYS >= .10         4               4.3    -0.3        7
DAYS >= .50         1               2.1    -1.1        4
DAYS >= 1.00        0               0.7    -0.7        1
GREATEST
 24 HR. TOTAL    0.52   04/21 TO 04/21           04/29 TO 04/29

DEGREE_DAYS
HEATING TOTAL     440               288     152      229
 SINCE 7/1       4310              4385     -75     3674
COOLING TOTAL      29                22       7       28
 SINCE 1/1         29                24       5       40
.................................................................

WIND (MPH)
AVERAGE WIND SPEED              12.1
HIGHEST WIND SPEED/DIRECTION    43/330    DATE  04/17
HIGHEST GUST SPEED/DIRECTION    62/340    DATE  04/17



-  INDICATES NEGATIVE NUMBERS.
R  INDICATES RECORD WAS SET OR TIED.
MM INDICATES DATA IS MISSING.
T  INDICATES TRACE AMOUNT.

$$
