000
CXUS51 KPHI 021357 CCA
CLMPHL

CLIMATE REPORT
NATIONAL WEATHER SERVICE MOUNT HOLLY NJ
1056 AM EDT SUN APR 1 2018

...................................

...THE PHILADELPHIA CLIMATE SUMMARY FOR THE MONTH OF MARCH 2018...

CLIMATE NORMAL PERIOD 1981 TO 2010
CLIMATE RECORD PERIOD 1872 TO 2018

WEATHER         OBSERVED          NORMAL  DEPART  LAST YEAR`S
                 VALUE   DATE(S)  VALUE   FROM    VALUE  DATE(S)
                                          NORMAL
................................................................
TEMPERATURE (F)
RECORD
 HIGH              87   03/29/1945
 LOW                5   03/05/1872
HIGHEST            74                73       1       77
LOWEST             28                19       9       15
AVG. MAXIMUM     47.5              52.7    -5.2     50.6
AVG. MINIMUM     32.7              34.4    -1.7     33.5
MEAN             40.1              43.5    -3.4     42.1
DAYS MAX >= 90      0               0.0     0.0        0
DAYS MAX <= 32      0               0.6    -0.6        2
DAYS MIN <= 32     21              11.6     9.4       15
DAYS MIN <= 0       0               0.0     0.0        0

PRECIPITATION (INCHES)
RECORD
 MAXIMUM         9.10   1912
 MINIMUM         0.38   1910
TOTALS           4.74              3.79    0.95     4.26
DAILY AVG.       0.15              0.12    0.03     0.14
DAYS >= .01        11              10.5     0.5       13
DAYS >= .10         7               6.7     0.3        6
DAYS >= .50         4               2.6     1.4        2
DAYS >= 1.00        2               1.0     1.0        2
GREATEST
 24 HR. TOTAL    1.51   03/06 TO 03/07              1.54

SNOWFALL (INCHES)
RECORDS
 TOTAL             MM   5
 24 HR TOTAL       MM
TOTALS           15.2               2.9    12.3      7.0
SINCE 7/1        29.8              21.9     7.9     15.0
SNOWDEPTH AVG.      1                MM      MM        0
DAYS >= 1.0         3               0.7     2.3        3
GREATEST
 SNOW DEPTH         6   03/22                          3  03/14
 24 HR TOTAL      6.7   03/21 TO 03/21               4.8

DEGREE_DAYS
HEATING TOTAL     763               665      98      703
 SINCE 7/1       3923              4147    -224     3529
COOLING TOTAL       0                 1      -1        0
 SINCE 1/1          0                 1      -1        0
.................................................................

WIND (MPH)
AVERAGE WIND SPEED              12.5
HIGHEST WIND SPEED/DIRECTION    44/330    DATE  03/02
HIGHEST GUST SPEED/DIRECTION    59/340    DATE  03/02

SKY COVER
POSSIBLE SUNSHINE (PERCENT)   MM
AVERAGE SKY COVER           0.60
NUMBER OF DAYS FAIR            7
NUMBER OF DAYS PC             13
NUMBER OF DAYS CLOUDY         11

AVERAGE RH (PERCENT)     59

WEATHER CONDITIONS. NUMBER OF DAYS WITH
THUNDERSTORM              1     MIXED PRECIP               0
HEAVY RAIN                M     RAIN                       4
LIGHT RAIN                M     FREEZING RAIN              0
LT FREEZING RAIN          M     HEAVY SNOW                 3
SNOW                     10     LIGHT SNOW                 9
SLEET                     M     FOG                       11
FOG W/VIS <= 1/4 MILE     M     HAZE                       2

-  INDICATES NEGATIVE NUMBERS.
R  INDICATES RECORD WAS SET OR TIED.
MM INDICATES DATA IS MISSING.
T  INDICATES TRACE AMOUNT.

$$
