000
CXUS51 KBGM 010947 CCA
CLMSYR

CLIMATE REPORT...CORRECTION
NATIONAL WEATHER SERVICE BINGHAMTON NY
545 AM EDT TUE MAY 1 2018

...................................

...THE SYRACUSE NY CLIMATE SUMMARY FOR THE MONTH OF APRIL 2018...

CLIMATE NORMAL PERIOD 1981 TO 2010
CLIMATE RECORD PERIOD 1902 TO 2018

WEATHER         OBSERVED          NORMAL  DEPART  LAST YEAR`S
                 VALUE   DATE(S)  VALUE   FROM    VALUE  DATE(S)
                                          NORMAL
................................................................
TEMPERATURE (F)
RECORD
 HIGH              92   04/28/1990
 LOW                9   04/05/2016
                        04/07/1972
                        02/16/2000
HIGHEST            72   04/24        56      16       82  04/27
LOWEST             19   04/09        36     -17       29  04/14
                                                          04/09
AVG. MAXIMUM     48.7              57.2    -8.5     61.2
AVG. MINIMUM     30.4              36.6    -6.2     40.6
MEAN             39.5              46.9    -7.4     50.9
DAYS MAX >= 90      0               0.0     0.0        0
DAYS MAX <= 32      0               0.2    -0.2        0
DAYS MIN <= 32     20               8.9    11.1        8
DAYS MIN <= 0       0               0.0     0.0        0

PRECIPITATION (INCHES)
RECORD
 MAXIMUM         8.53   2011
 MINIMUM         0.84   2010
TOTALS           2.48              3.19   -0.71     4.95
DAILY AVG.       0.08              0.11   -0.03     0.16
DAYS >= .01        19              14.0     5.0       15
DAYS >= .10         8               8.1    -0.1       11
DAYS >= .50         1               2.1    -1.1        4
DAYS >= 1.00        0               0.3    -0.3        1
GREATEST
 24 HR. TOTAL    0.74   04/16 TO 04/17

SNOWFALL (INCHES)
RECORDS
 TOTAL           16.4   1983
 24 HR TOTAL     10.5   04/02/2013 TO 04/02/2013
 SNOW DEPTH         8   04/03/2013
TOTALS            2.5               3.8    -1.3      0.3
SINCE 7/1       153.6             123.7    29.9    134.9
SNOWDEPTH AVG.      0                MM      MM        0
DAYS >= TRACE      14               2.6    11.4        2
DAYS >= 1.0         0               1.5    -1.5        0
GREATEST
 SNOW DEPTH         1   04/20                          0  MM
                        04/19
                        04/05
 24 HR TOTAL      1.0   04/05 TO 04/06

DEGREE_DAYS
HEATING TOTAL     756               547     209      426
 SINCE 7/1       6473              6335     138     5767
COOLING TOTAL       0                 4      -4       12
 SINCE 1/1          0                 4      -4       12
.................................................................

WIND (MPH)
AVERAGE WIND SPEED              10.3
RESULTANT WIND SPEED/DIRECTION   4/271
HIGHEST WIND SPEED/DIRECTION    46/250    DATE  04/04
HIGHEST GUST SPEED/DIRECTION    58/250    DATE  04/04

SKY COVER
POSSIBLE SUNSHINE (PERCENT)   MM
AVERAGE SKY COVER           0.80
NUMBER OF DAYS FAIR            3
NUMBER OF DAYS PC              8
NUMBER OF DAYS CLOUDY         19

AVERAGE RH (PERCENT)     74

WEATHER CONDITIONS. NUMBER OF DAYS WITH
THUNDERSTORM       0    MIXED PRECIP           0
HEAVY RAIN         2    RAIN                   4
LIGHT RAIN        17    FREEZING RAIN          0
LT FREEZING RAIN   2    HAIL                   0
HEAVY SNOW         0    SNOW                   4
LIGHT SNOW        14    SLEET                  0
FOG               16    FOG W/VIS <= 1/4 MILE  0
HAZE               1

-  INDICATES NEGATIVE NUMBERS.
R  INDICATES RECORD WAS SET OR TIED.
MM INDICATES DATA IS MISSING.
T  INDICATES TRACE AMOUNT.

&&
4TH COLDEST APRIL  RECORD 38.5 IN 1943
2ND MOST NUMBER OF APRIL DAYS WITH MEASURABLE SNOW 8
   RECORD 9 DAYS  IN 1961
CORRECTED TABLE AT END
$$

TAC
