000
CXUS51 KPHI 021406 CCA
CLMTTN

CLIMATE REPORT
NATIONAL WEATHER SERVICE MOUNT HOLLY NJ
1056 AM EDT SUN APR 1 2018

...................................

...THE TRENTON NJ CLIMATE SUMMARY FOR THE MONTH OF MARCH 2018...

CLIMATE NORMAL PERIOD 1981 TO 2010
CLIMATE RECORD PERIOD 1865 TO 2018

WEATHER         OBSERVED          NORMAL  DEPART  LAST YEAR`S
                 VALUE   DATE(S)  VALUE   FROM    VALUE
                                          NORMAL
.............................................................
TEMPERATURE (F)
RECORD
 HIGH              87   03/30/1998
 LOW                1   03/10/1984
                        03/04/1868
HIGHEST            68                MM      MM       73
LOWEST             27                MM      MM       13
AVG. MAXIMUM     46.5              50.9    -4.4     48.1
AVG. MINIMUM     31.8              31.9    -0.1     30.6
MEAN             39.1              41.4    -2.3     39.4
DAYS MAX >= 90      0               0.0     0.0        0
DAYS MAX <= 32      0               1.0    -1.0        3
DAYS MIN <= 32     21              15.6     5.4       17
DAYS MIN <= 0       0               0.0     0.0        0

PRECIPITATION (INCHES)
RECORD
 MAXIMUM         8.86   1899
 MINIMUM         0.83   1927
TOTALS           3.41              4.14   -0.73     4.61
DAILY AVG.       0.11              0.13   -0.02     0.15
DAYS >= .01        13                MM      MM       11
DAYS >= .10         4                MM      MM        7
DAYS >= .50         4                MM      MM        3
DAYS >= 1.00        1                MM      MM        3
GREATEST
 24 HR. TOTAL    1.20   03/02 TO 03/02              1.35

DEGREE_DAYS
HEATING TOTAL     794               732      62      788
 SINCE 7/1       4281              4546    -265     4007
COOLING TOTAL       0                 0       0        0
 SINCE 1/1          3                 0       3        0
..............................................................

WIND (MPH)
AVERAGE WIND SPEED              9.8
HIGHEST WIND SPEED/DIRECTION    35/330    DATE  03/02
HIGHEST GUST SPEED/DIRECTION    53/330    DATE  03/02

SKY COVER
POSSIBLE SUNSHINE (PERCENT)   MM
AVERAGE SKY COVER           0.40
NUMBER OF DAYS FAIR           14
NUMBER OF DAYS PC             12
NUMBER OF DAYS CLOUDY          5

AVERAGE RH (PERCENT)     61

WEATHER CONDITIONS. NUMBER OF DAYS WITH
THUNDERSTORM              1     MIXED PRECIP               0
HEAVY RAIN                1     RAIN                       1
LIGHT RAIN                12    FREEZING RAIN              0
LT FREEZING RAIN          0     HEAVY SNOW                 1
SNOW                      1     LIGHT SNOW                 8
SLEET                     1     FOG                       11
FOG W/VIS <= 1/4 MILE     2     HAZE                       2

-  INDICATES NEGATIVE NUMBERS.
R  INDICATES RECORD WAS SET OR TIED.
MM INDICATES DATA IS MISSING.
T  INDICATES TRACE AMOUNT.

$$
