899
CXUS55 KPUB 020235 CCA
CLSCOS

CLIMATE REPORT...CORRECTION
NATIONAL WEATHER SERVICE PUEBLO
653 PM MST THU MAR 1 2018

...................................

...THE COLORADO SPRINGS CO CLIMATE SUMMARY FOR THE SEASON, FROM
12/1/2017 TO 2/28/2018...

CLIMATE NORMAL PERIOD 1981 TO 2010
CLIMATE RECORD PERIOD 1872 TO 2018

WEATHER         OBSERVED          NORMAL  DEPART  LAST YEAR`S
                 VALUE   DATE(S)  VALUE   FROM    VALUE  DATE(S)
                                          NORMAL
................................................................
TEMPERATURE (F)
RECORD
 HIGH              77   12/23/1955
 LOW              -27   02/01/1951
                        12/09/1919
HIGHEST            70   01/19                         77  02/10
LOWEST                  01/16                        -14  12/17
AVG. MAXIMUM     48.1              43.4     4.7     46.8
AVG. MINIMUM     18.8              18.2     0.6     19.8
MEAN             33.4              30.8     2.6     33.3
DAYS MAX >= 90      0               0.0     0.0
DAYS MAX <= 32     10              16.8    -6.8
DAYS MIN <= 32     89              85.8     3.2
DAYS MIN <= 0       2               4.5    -2.5

PRECIPITATION (INCHES)
RECORD
 MAXIMUM         4.05   1934
 MINIMUM         0.16   1928
TOTALS           0.57              1.00   -0.43     1.07
DAILY AVG.       0.01              0.01    0.00
DAYS >= .01        10              12.8    -2.8
DAYS >= .10         2               2.8    -0.8
DAYS >= .50         0               0.2    -0.2
DAYS >= 1.00        0               0.0     0.0
GREATEST
 24 HR. TOTAL    0.19   02/10 TO 02/10

SNOWFALL (INCHES)
RECORDS
 TOTAL           56.3   1987
TOTALS           11.6              16.2    -4.6     13.4
SINCE 7/1        13.2              24.0   -10.8     13.4
SNOWDEPTH AVG.      0
DAYS >= 1.0         3               5.3    -2.3
GREATEST
 SNOW DEPTH         3   02/10                          4
                        02/11
                        02/20
 24 HR TOTAL      4.0   02/10 TO 02/10               4.0

DEGREE_DAYS
HEATING TOTAL    2816              3082    -266     2850
 SINCE 7/1       3984              4563    -579     3573
COOLING TOTAL       0                 0       0        0
 SINCE 1/1          0                 0       0        0
.................................................................

WIND (MPH)
AVERAGE WIND SPEED              9.0
HIGHEST WIND SPEED/DIRECTION    43/270    DATE  12/30
HIGHEST GUST SPEED/DIRECTION    53/330    DATE  12/08

SKY COVER
POSSIBLE SUNSHINE (PERCENT)   MM
AVERAGE SKY COVER           0.50
NUMBER OF DAYS FAIR           27
NUMBER OF DAYS PC             52
NUMBER OF DAYS CLOUDY         11

AVERAGE RH (PERCENT)     50

WEATHER CONDITIONS. NUMBER OF DAYS WITH
THUNDERSTORM              0     MIXED PRECIPITATION       0
HEAVY RAIN                0     RAIN                      1
LIGHT RAIN                1     FREEZING RAIN             0
LT FREEZING RAIN          0     HAIL                      0
HEAVY SNOW                0     SNOW                      1
LIGHT SNOW               21     SLEET                     0
FOG                      28     FOG W/VIS <= 1/4 MILE    10
HAZE                     13

-  INDICATES NEGATIVE NUMBERS.
R  INDICATES RECORD WAS SET OR TIED.
MM INDICATES DATA IS MISSING.
T  INDICATES TRACE AMOUNT.

$$
