000
CXUS54 KLZK 022127
CLSHRO


CLIMATE REPORT
NATIONAL WEATHER SERVICE LITTLE ROCK AR
319 PM CST FRI MAR 2 2018

...................................

...THE HARRISON CLIMATE SUMMARY FOR THE SEASON, FROM
12/1/2017 TO 2/28/2018...

CLIMATE NORMAL PERIOD 1981 TO 2010
CLIMATE RECORD PERIOD 1891 TO 2018

WEATHER         OBSERVED          NORMAL  DEPART  LAST YEAR`S
                 VALUE   DATE(S)  VALUE   FROM    VALUE  DATE(S)
                                          NORMAL
................................................................
TEMPERATURE (F)
RECORD
 HIGH              87   02/05/1927
 LOW              -24   02/12/1899
HIGHEST            77   02/15        47      30       84  02/11
LOWEST              0   01/17        28     -28        5  12/19
                        01/16
AVG. MAXIMUM     48.9              48.2     0.7     53.9
AVG. MINIMUM     28.4              28.3     0.1     32.8
MEAN             38.7              38.3     0.4     43.4
DAYS MAX >= 90      0               0.0     0.0        0
DAYS MAX <= 32     14               8.4     5.6        5
DAYS MIN <= 32     58              58.4    -0.4       42
DAYS MIN <= 0       2               0.6     1.4        0

PRECIPITATION (INCHES)
RECORD
 MAXIMUM        16.31   1938
 MINIMUM         2.66   1963
TOTALS          10.51              8.40    2.11     4.90
DAILY AVG.       0.12              0.09    0.03     0.05
DAYS >= .01        21              24.2    -3.2       20
DAYS >= .10        15                                 14
DAYS >= .50         7                                  4
DAYS >= 1.00        4               1.7     2.3        1
GREATEST
 24 HR. TOTAL    2.29   02/20 TO 02/20

SNOWFALL (INCHES)
RECORDS
 TOTAL           42.2   1918
 24 HR TOTAL     14.3   02/15/1993
 SNOW DEPTH        14   02/16/1993
TOTALS            2.1               8.7    -6.6      0.9
 LIQUID EQUIV    0.21              0.90   -0.69     0.09
SINCE 7/1         2.1
 LIQUID 7/1      0.21              0.80   -0.59     0.09
SNOWDEPTH AVG.      0                 T       0        0
DAYS >= TRACE      11              13.0    -2.0       MM
DAYS >= 1.0         1               2.0    -1.0       MM
GREATEST
 SNOW DEPTH         1   01/18                          0  MM
                        01/16
                        01/17
 24 HR TOTAL      1.5   01/14 TO 01/15

DEGREE_DAYS
HEATING TOTAL    2364              2408     -44     1956
 SINCE 7/1         MM              3172      MM     2406
COOLING TOTAL       5                 1       4        7
 SINCE 1/1          5                 0       5        7

FREEZE DATES
RECORD
 EARLIEST     09/13/1902
 LATEST       05/17/1912
EARLIEST                        10/29
LATEST                          04/04
.........................................................

WIND (MPH)
AVERAGE WIND SPEED              8.3
HIGHEST WIND SPEED/DIRECTION    31/260    DATE  01/22
HIGHEST GUST SPEED/DIRECTION    44/260    DATE  01/22

SKY COVER
POSSIBLE SUNSHINE (PERCENT)   MM
AVERAGE SKY COVER           0.40
NUMBER OF DAYS FAIR           41
NUMBER OF DAYS PC             27
NUMBER OF DAYS CLOUDY         22

AVERAGE RH (PERCENT)     67

WEATHER CONDITIONS. NUMBER OF DAYS WITH
THUNDERSTORM              0     MIXED PRECIP               0
HEAVY RAIN                9     RAIN                      14
LIGHT RAIN               25     FREEZING RAIN              1
LT FREEZING RAIN          6     HAIL                       0
HEAVY SNOW                0     SNOW                       2
LIGHT SNOW                7     SLEET                      2
FOG                      36     FOG W/VIS <= 1/4 MILE     10
HAZE                      4

-  INDICATES NEGATIVE NUMBERS.
R  INDICATES RECORD WAS SET OR TIED.
MM INDICATES DATA IS MISSING.
T  INDICATES TRACE AMOUNT.

&&

...Data for Harrison for Winter 2017-2018...

.Summary...
Due largely to very cold weather in late December and in January,
this was the coldest winter in several years. With abundant rainfall
in February, this was also the wettest winter in several years.

For the third year in a row, snowfall was below average, but it was still
more than was recorded last year.

.Seasonal Temperatures...
The average high, low and seasonal temperatures were the coldest since 2014-
2015.

There were 58 days with low temperatures at or below freezing, which was
the most since the winter of 2014-2015.

There were 14 days with high temperatures at or below freezing, which was
the most since winter of 2013-2014.

There were 25 days with low temperatures at or below 20 degrees, which was
the most since the winter of 2013-2014.

There were five days with lows less than ten degrees, which was the most
since the winter of 2014-2015.

The coldest temperature during the winter was zero, and this was the coldest
winter temperature at Harrison since the winter of 2013-2014.

.Seasonal Rainfall...
There were 21 days with measurable rainfall, which was the most since the
winter of 2014-2015. It was the wettest winter since 2015-2016.

.Seasonal Snowfall...
There were 11 days with snowfall. This was the most since the winter of
2014-2015. The snow was measurable on four days (December 23, January 14,
January 15, and February 4). However, the seasonal total was below
average. Nonetheless, it was still the snowiest winter since 2015-2016.

$$

57
