000
CXUS53 KMKX 011257
CLSMKE

CLIMATE REPORT
NATIONAL WEATHER SERVICE IN MILWAUKEE
654 AM CST THU MAR 1 2018

...................................

...THE MILWAUKEE WI CLIMATE SUMMARY FOR THE SEASON, FROM
12/1/2017 TO 2/28/2018...

CLIMATE NORMAL PERIOD 1981 TO 2010
CLIMATE RECORD PERIOD 1871 TO 2018

WEATHER         OBSERVED          NORMAL  DEPART  LAST YEAR`S
                 VALUE   DATE(S)  VALUE   FROM    VALUE  DATE(S)
                                          NORMAL
................................................................
TEMPERATURE (F)
RECORD
 HIGH              71   02/22/2017
 LOW              -26   02/03/1996
                        01/17/1982
HIGHEST            64   12/04        55       9       71  02/22
LOWEST             -7   01/01       -13       6       -7  12/19
AVG. MAXIMUM     32.9              31.4     1.5     36.6
AVG. MINIMUM     18.7              18.3     0.4     22.9
MEAN             25.8              24.9     0.9     29.7
DAYS MAX >= 90      0               0.0     0.0        0
DAYS MAX <= 32     41              44.0    -3.0       31
DAYS MIN <= 32     77              80.7    -3.7       66
DAYS MIN <= 0      11               6.8     4.2        4

PRECIPITATION (INCHES)
RECORD
 MAXIMUM        11.13   1875
                        1876
 MINIMUM         1.53   2002
                        2003
TOTALS           5.28              5.45   -0.17     5.94
DAILY AVG.       0.06              0.06    0.00     0.07
DAYS >= .01        33              32.0     1.0       32
DAYS >= .10        13              14.2    -1.2       16
DAYS >= .50         3               2.8     0.2        2
DAYS >= 1.00        0               0.7    -0.7        0
GREATEST
 24 HR. TOTAL    0.94   01/22 TO 01/22              1.20

SNOWFALL (INCHES)
RECORDS
 TOTAL           89.8   1885
                        1886
TOTALS           32.5              35.1    -2.6     24.0
SINCE 7/1        32.7              37.8    -5.1     24.0
SNOWDEPTH AVG.      1                 4      -3        1
DAYS >= 1.0        11              10.3     0.7        7
GREATEST
 SNOW DEPTH         9   02/12                         13  12/18
 24 HR TOTAL      5.3   01/15 TO 01/15               7.8

DEGREE_DAYS
HEATING TOTAL    3507              3615    -108     3169
 SINCE 7/1         MM              4980      MM       MM
COOLING TOTAL       0                 0       0        0
 SINCE 1/1          0                 0       0        0

FREEZE DATES
RECORD
 EARLIEST     09/20/1956
 LATEST       05/27/1961
EARLIEST                        10/17
LATEST                          04/27
.................................................................

WIND (MPH)
AVERAGE WIND SPEED              10.1
RESULTANT WIND SPEED/DIRECTION   5/270
HIGHEST WIND SPEED/DIRECTION    39/250    DATE  12/05
HIGHEST GUST SPEED/DIRECTION    60/240    DATE  12/05

SKY COVER
POSSIBLE SUNSHINE (PERCENT)   MM
AVERAGE SKY COVER           0.60
NUMBER OF DAYS FAIR           14
NUMBER OF DAYS PC             42
NUMBER OF DAYS CLOUDY         34

AVERAGE RH (PERCENT)     68

-  INDICATES NEGATIVE NUMBERS.
R  INDICATES RECORD WAS SET OR TIED.
MM INDICATES DATA IS MISSING.
T  INDICATES TRACE AMOUNT.

$$
