685
CXUS53 KPAH 011705
CLSPAH

SDFCLMPAS 000
TTAA00 KPAH 011657


CLIMATE REPORT
NATIONAL WEATHER SERVICE PADUCAH KY
1056 AM CST THU MAR 1 2018

...................................

...THE PADUCAH KY CLIMATE SUMMARY FOR THE WINTER SEASON,
FROM 12/1/2017 TO 2/28/2018...

CLIMATE NORMAL PERIOD 1981 TO 2010
CLIMATE RECORD PERIOD 1937 TO 2018

WEATHER         OBSERVED          NORMAL  DEPART
                 VALUE   DATE(S)  VALUE   FROM
                                          NORMAL
................................................
TEMPERATURE (F)
RECORD
 HIGH              78   02/13/1962
 LOW              -15   01/20/1985
HIGHEST            77   02/20        45      32
LOWEST              2   01/14        27     -25
                        01/02
AVG. MAXIMUM     47.2              46.1     1.1
AVG. MINIMUM     28.0              28.0     0.0
MEAN             37.6              37.0     0.6
DAYS MAX >= 90      0               0.0     0.0
DAYS MAX <= 32     16              10.8     5.2
DAYS MIN <= 32     60              59.4     0.6
DAYS MIN <= 0       0               1.1    -1.1

PRECIPITATION (INCHES)
RECORD
 MAXIMUM        27.23   1949
 MINIMUM         3.98   1962
TOTALS          15.82             12.18    3.64
DAILY AVG.       0.18              0.14    0.04
DAYS >= .01        31              28.7     2.3
DAYS >= .10        21              18.6     2.4
DAYS >= .50        12               8.4     3.6
DAYS >= 1.00        4               3.3     0.7
GREATEST
 24 HR. TOTAL    2.06   MM
 STORM TOTAL       MM
 (MM/DD(HH))            MM

SNOWFALL (INCHES)
RECORDS
 TOTAL           24.7   1978
 24 HR TOTAL     14.0   12/22/2004 TO 12/22/2004
TOTALS           12.5               8.4     4.1
 LIQUID EQUIV    1.25
SINCE 7/1        12.5               8.5     4.0
 LIQUID 7/1      1.25
SNOWDEPTH AVG.      0
DAYS >= TRACE      16
DAYS >= 1.0         2
GREATEST
 SNOW DEPTH         8   01/18
                        01/16
                        01/17
 24 HR TOTAL      8.1   MM
 STORM TOTAL       MM
 (MM/DD(HH))            MM

DEGREE_DAYS
HEATING TOTAL    2472              2519     -47
 SINCE 7/1         MM              3296      MM
COOLING TOTAL      11                 1      10
 SINCE 1/1         11                 0      11

FREEZE DATES
RECORD
 EARLIEST     10/01/1984
 LATEST       04/28/1992
EARLIEST                        10/26
LATEST                          04/04
.................................................

WIND (MPH)
AVERAGE WIND SPEED              7.6
HIGHEST WIND SPEED/DIRECTION    32/350    DATE  02/16
HIGHEST GUST SPEED/DIRECTION    53/220    DATE  02/15

SKY COVER
POSSIBLE SUNSHINE (PERCENT)   MM
AVERAGE SKY COVER           0.50
NUMBER OF DAYS FAIR           34
NUMBER OF DAYS PC             27
NUMBER OF DAYS CLOUDY         29

AVERAGE RH (PERCENT)     66

WEATHER CONDITIONS. NUMBER OF DAYS WITH
  0
 17
  1
  0
  3
  2
  8
HAZE                     21

-  INDICATES NEGATIVE NUMBERS.
R  INDICATES RECORD WAS SET OR TIED.
MM INDICATES DATA IS MISSING.
T  INDICATES TRACE AMOUNT.

$$
