840
CXUS51 KALY 031349
CLSPOU

CLIMATE REPORT
NATIONAL WEATHER SERVICE ALBANY NY
836 AM EST SAT MAR 3 2018

...................................

...THE POUGHKEEPSIE NY CLIMATE SUMMARY FOR THE SEASON, FROM
12/1/2017 TO 2/28/2018...

CLIMATE NORMAL PERIOD 1981 TO 2010
CLIMATE RECORD PERIOD 1949 TO 2018

WEATHER         OBSERVED          NORMAL  DEPART  LAST YEAR`S
                 VALUE   DATE(S)  VALUE   FROM    VALUE  DATE(S)
                                          NORMAL
................................................................
TEMPERATURE (F)
HIGHEST            76R  02/21                         73  02/24
LOWEST            -14   01/07                         -1  01/09
AVG. MAXIMUM     38.4              38.3     0.1     41.5
AVG. MINIMUM     19.8              18.5     1.3     23.8
MEAN             29.1              28.4     0.7     32.7
DAYS MAX >= 90      0               0.0     0.0        0
DAYS MAX <= 32     29              23.0     6.0       15
DAYS MIN <= 32     79              81.7    -2.7       75
DAYS MIN <= 0       4               5.0    -1.0        1

PRECIPITATION (INCHES)
RECORD
 MAXIMUM        19.96   1973
 MINIMUM         3.61   1980
TOTALS           8.92              9.27   -0.35     6.77
DAILY AVG.       0.10              0.10    0.00     0.07
DAYS >= .01        36              30.5     5.5       29
DAYS >= .10        24              19.8     4.2       16
DAYS >= .50         7               6.3     0.7        4
DAYS >= 1.00        0               1.5    -1.5        0
GREATEST
 24 HR. TOTAL    0.82   01/12 TO 01/12

DEGREE_DAYS
HEATING TOTAL    3229              3293     -64
 SINCE 7/1       4312              4571    -259
COOLING TOTAL       0                 0       0
 SINCE 1/1          0                 0       0

FREEZE DATES
RECORD
 EARLIEST     09/15/1963
 LATEST       05/25/1949
EARLIEST                        10/09
LATEST                          04/29
.................................................................

WIND (MPH)
AVERAGE WIND SPEED              4.7
HIGHEST WIND SPEED/DIRECTION    29/270    DATE  12/06
HIGHEST GUST SPEED/DIRECTION    44/240    DATE  12/06


WEATHER CONDITIONS. NUMBER OF DAYS WITH
THUNDERSTORM              0     MIXED PRECIP               0
HEAVY RAIN                2     RAIN                      12
LIGHT RAIN               23     FREEZING RAIN              2
LT FREEZING RAIN          1     HAIL                       0
HEAVY SNOW                3     SNOW                       9
LIGHT SNOW               21     SLEET                      0
FOG                      55     FOG W/VIS <= 1/4 MILE     20
HAZE                     32

-  INDICATES NEGATIVE NUMBERS.
R  INDICATES RECORD WAS SET OR TIED.
MM INDICATES DATA IS MISSING.
T  INDICATES TRACE AMOUNT.

$$

RECORDS FOR POUGHKEEPSIE DATE BACK TO 1949...
HOWEVER...DATA IS MISSING FROM JANUARY 1993 - JULY 2000.
