617
CXUS53 KARX 051553
CLSRST

CLIMATE REPORT
NATIONAL WEATHER SERVICE LA CROSSE WI
1037 AM CST TUE JUN 5 2018

...A COLDER AND SLIGHTLY WETTER-THAN-NORMAL SPRING
AT ROCHESTER MN...

DURING THE SPRING OF 2018, TEMPERATURES WERE COLDER-
THAN-NORMAL AND THE PRECIPITATION WAS SLIGHTLY WETTER-
THAN-NORMAL AT ROCHESTER INTERNATIONAL AIRPORT.  MORE
DETAILS ON THESE STATISTICS CAN BE FOUND BELOW.

TEMPERATURES -

FROM MARCH 1ST THROUGH MAY 31ST, ROCHESTER INTERNATIONAL
AIRPORT HAD AN AVERAGE TEMPERATURE OF 43.1 DEGREES.  THIS
WAS 2.6 DEGREES COLDER THAN THE 1981-2010 NORMAL OF 45.7 DEGREES.
THE TABLE BELOW CONTAINS THE MONTHLY TEMPERATURES AND THEIR
DEPARTURES FROM NORMAL FOR THE SPRING OF 2018.

           SPRING 2018 TEMPERATURES
               IN ROCHESTER MN

                  AVERAGE            DEPARTURE
   MONTH        TEMPERATURE         FROM NORMAL
   -----        -----------         -----------
   MARCH       30.5 DEGREES        -1.9 DEGREES
   APRIL       34.5 DEGREES       -12.2 DEGREES - COLDEST
   MAY         64.1 DEGREES        +6.0 DEGREES - 3RD WARMEST

   SPRING      43.1 DEGREES        -2.6 DEGREES

THE WARMEST HIGH TEMPERATURE WAS 95F ON MAY 28TH.
THE COLDEST HIGH TEMPERATURE WAS 23F ON MARCH 7TH.

THE WARMEST LOW TEMPERATURE WAS 67F ON MAY 28TH.
THE COLDEST LOW TEMPERATURE WAS 5F ON MARCH 8TH.

MAXIMUM TEMPERATURE <= 32 ON 14 DAYS
MAXIMUM TEMPERATURE >= 90 ON 6 DAYS - 2ND MOST  THE ONLY
ONE WITH MORE WAS 1934 WITH 10 DAYS.

MINIMUM TEMPERATURE <= 32 ON 52 DAYS
MINIMUM TEMPERATURE <=  0 ON  0 DAYS

PRECIPITATION -

FROM MARCH 1ST THROUGH MAY 31ST, ROCHESTER INTERNATIONAL
AIRPORT RECEIVED 9.28 INCHES OF PRECIPITATION.  THIS WAS
0.53 INCHES WETTER THAN THE 1981-2010 NORMAL OF 8.75 INCHES.
THE TABLE BELOW CONTAINS THE MONTHLY PRECIPITATION TOTALS
AND THEIR DEPARTURES FROM NORMAL FOR THE SPRING OF 2018.

          SPRING 2018 PRECIPITATION
               IN ROCHESTER MN

                PRECIPITATION         DEPARTURE
   MONTH            TOTAL            FROM NORMAL
   -----        ------------         -----------
   MARCH        0.91 INCHES         -0.97 INCHES
   APRIL        3.18 INCHES         -0.06 INCHES
   MAY          5.19 INCHES         +1.56 INCHES - 20TH WETTEST

   SPRING       9.28 INCHES         +0.53 INCHES

THE WETTEST DAY WAS MAY 11TH WHEN 1.61 INCHES OF RAIN FELL.

MEASURABLE PRECIPITATION FELL ON 30 DAYS (32.6%) AND TRACE
AMOUNTS ON 11 DAYS (12%).

SNOWFALL - 8TH SNOWIEST

FROM MARCH 1ST THROUGH MAY 31ST, THE SNOW OBSERVER NEAR ROCHESTER
INTERNATIONAL AIRPORT RECORDED 24.0 INCHES OF SNOW. THIS WAS
12.3 INCHES SNOWIER THAN THE 1981-2010 NORMAL OF 12.0 INCHES.
THIS WAS THE 8TH MOST SNOW DURING A SPRING. THE SNOWIEST SPRING
OCCURRED IN 2013 WHEN 42.2 INCHES OF SNOW FELL.  BELOW ARE THE
10 SNOWIEST SPRINGS IN ROCHESTER MN.

           SNOWIEST SPRINGS
           IN ROCHESTER MN
               1887-2018

            SNOWFALL
  RANK        TOTAL          YEAR
  ----     -----------       ----
    1      42.2 INCHES       2013
    2      36.1 INCHES       1951
    3      30.0 INCHES       1952
    4      29.1 INCHES       1962
    5      29.0 INCHES       1985
    6      27.6 INCHES       1983
    7      26.2 INCHES       1956
    8      24.0 INCHES       2018
    9      23.7 INCHES       1980
   10      23.4 INCHES       1961

THE TABLE BELOW CONTAINS THE MONTHLY SNOWFALL TOTALS AND
THEIR DEPARTURES FROM NORMAL FOR THE SPRING OF 2018.

             SPRING 2018 SNOWFALL
               IN ROCHESTER MN

                   SNOWFALL           DEPARTURE
   MONTH            TOTAL            FROM NORMAL
   -----        ------------         -----------
   MARCH         7.0 INCHES          -5.3 INCHES
   APRIL        17.0 INCHES         +13.7 INCHES - SNOWIEST
   MAY           0.0 INCHES           0.0 INCHES

   SPRING       24.0 INCHES         +12.3 INCHES - 8TH SNOWIEST

THE SNOWIEST DAY WAS ON MARCH 1ST WHEN 7.0 INCHES OF SNOW FELL.

MEASURABLE SNOW FELL ON 10 DAYS (10.9%) AND TRACE AMOUNTS ON
1 DAY (1.1%).

...................................

...THE ROCHESTER MN CLIMATE SUMMARY FOR THE SEASON, FROM
3/1/2018 TO 5/31/2018...

CLIMATE NORMAL PERIOD 1981 TO 2010
CLIMATE RECORD PERIOD 1886 TO 2018

WEATHER         OBSERVED          NORMAL  DEPART  LAST YEAR`S
                 VALUE   DATE(S)  VALUE   FROM    VALUE  DATE(S)
                                          NORMAL
................................................................
TEMPERATURE (F)
RECORD
 HIGH             106   05/31/1934
 LOW              -31   03/01/1962
HIGHEST            95   05/28        MM      MM       87  05/16
LOWEST              5   03/08        MM      MM        1  03/14
AVG. MAXIMUM     52.7              55.4    -2.7
AVG. MINIMUM     33.5              36.0    -2.5     36.6
MEAN             43.1              45.7    -2.6     45.2
DAYS MAX >= 90      6               0.4     5.6        0
DAYS MAX <= 32     14               6.7     7.3        8
DAYS MIN <= 32     52              32.6    19.4       24
DAYS MIN <= 0       0               1.3    -1.3        0

PRECIPITATION (INCHES)
RECORD
 MAXIMUM           MM   MM
 MINIMUM           MM   MM
TOTALS           9.28              8.75    0.53    10.49
DAILY AVG.       0.10              0.10    0.00
DAYS >= .01        30              33.8    -3.8       39
DAYS >= .10        19              18.6     0.4       19
DAYS >= .50         5               5.5    -0.5        8
DAYS >= 1.00        3               1.6     1.4        2
GREATEST
 24 HR. TOTAL    1.61   MM
 STORM TOTAL       MM
 (MM/DD(HH))            MM

SNOWFALL (INCHES)
RECORDS
 TOTAL             MM   5
 24 HR TOTAL       MM
TOTALS           24.0              12.0    12.0
 LIQUID EQUIV    2.40                MM      MM
SINCE 7/1        60.2              51.9     8.3
DAYS >= TRACE      17               8.4     8.6
DAYS >= 1.0         5               3.3     1.7
GREATEST
 SNOW DEPTH         7   04/04
 24 HR TOTAL      7.4   MM
 STORM TOTAL       MM
 (MM/DD(HH))            MM

DEGREE_DAYS
HEATING TOTAL    2090              1809     281
 SINCE 7/1         MM              7670      MM
COOLING TOTAL     103                34      69
 SINCE 1/1        103                34      69

FREEZE DATES
RECORD
 EARLIEST     MM
 LATEST       MM
EARLIEST                        MM
LATEST                          MM
.................................................................

WIND (MPH)
AVERAGE WIND SPEED              11.1
HIGHEST WIND SPEED/DIRECTION    44/290    DATE  05/25
HIGHEST GUST SPEED/DIRECTION    60/110    DATE  03/05

SKY COVER
POSSIBLE SUNSHINE (PERCENT)   MM
AVERAGE SKY COVER           0.40
NUMBER OF DAYS FAIR           46
NUMBER OF DAYS PC             27
NUMBER OF DAYS CLOUDY         19

AVERAGE RH (PERCENT)     72

WEATHER CONDITIONS. NUMBER OF DAYS WITH
THUNDERSTORM              9     MIXED PRECIP               0
HEAVY RAIN                8     RAIN                      11
LIGHT RAIN               25     FREEZING RAIN              2
LT FREEZING RAIN          4     HAIL                       0
HEAVY SNOW                3     SNOW                       5
LIGHT SNOW               17     SLEET                      1
FOG                      43     FOG W/VIS <= 1/4 MILE     10
HAZE                     14

-  INDICATES NEGATIVE NUMBERS.
R  INDICATES RECORD WAS SET OR TIED.
MM INDICATES DATA IS MISSING.
T  INDICATES TRACE AMOUNT.

$$

BOYNE
