000
CXUS54 KHGX 011410
CF611R
PRELIMINARY LOCAL CLIMATOLOGICAL DATA (WS FORM: F-6)
STATION: BRENHAM
MONTH: AUGUST
YEAR: 2021
LATITUDE: 30 13 N
LONGITUDE: 96 22 W
TEMPERATURE IN F: :PCPN: SNOW: WIND :SUNSHINE: SKY :PK WND
================================================================================
1 2 3 4 5 6A 6B 7 8 9 10 11 12 13 14 15 16 17 18
12Z AVG MX 2MIN
DY MAX MIN AVG DEP HDD CDD WTR SNW DPTH SPD SPD DIR MIN PSBL S-S WX SPD DR
================================================================================
1 96 79 88 M 0 23 0.00 0.0 0 4.9 12 220 M M 2 16 240
2 87 74 81 M 0 16 0.67 0.0 0 3.9 9 260 M M 4 3 M M
3 91 77 84 M 0 19 0.00 0.0 0 2.8 8 360 M M 8 M M
4 91 76 84 M 0 19 0.00 0.0 0 2.8 7 190 M M 8 1 M M
5 85 76 81 M 0 16 0.03 0.0 0 1.9 8 110 M M 7 M M
6 91 73 82 M 0 17 0.00 0.0 0 3.2 12 180 M M 3 1 22 190
7 92 75 84 M 0 19 0.00 0.0 0 3.4 10 180 M M 5 1 16 170
8 96 77 87 M 0 22 0.00 0.0 0 8.4 17 200 M M 3 1 23 200
9 96 79 88 M 0 23 0.00 0.0 0 8.7 16 190 M M 3 1 24 190
10 96 77 87 M 0 22 0.00 0.0 0 6.3 14 150 M M 4 1 23 180
11 97 76 87 M 0 22 0.00 0.0 0 5.8 14 130 M M 4 12 21 130
12 95 76 86 M 0 21 0.00 0.0 0 4.4 10 190 M M 3 12 M M
13 94 74 84 M 0 19 0.00 0.0 0 2.3 9 140 M M 2 1 16 140
14 97 74 86 M 0 21 0.00 0.0 0 1.7 8 350 M M 2 1 M M
15 90 73 82 M 0 17 1.34 0.0 0 2.7 25 340 M M 3 13 32 340
16 94 73 84 M 0 19 0.00 0.0 0 2.3 9 120 M M 0 17 70
17 94 73 84 M 0 19 0.02 0.0 0 3.7 12 130 M M 2 1 18 240
18 93 77 85 M 0 20 0.06 0.0 0 4.3 13 190 M M 3 13 20 190
19 96 79 88 M 0 23 0.00 0.0 0 6.9 15 200 M M 3 1 18 200
20 95 77 86 M 0 21 0.00 0.0 0 5.3 12 150 M M 2 1 18 160
21 96 75 86 M 0 21 0.00 0.0 0 5.1 10 180 M M 2 1 18 150
22 95 72 84 M 0 19 0.00 0.0 0 2.3 7 250 M M 2 1 M M
23 96 72 84 M 0 19 0.00 0.0 0 3.3 9 130 M M 1 1 M M
24 96 74 85 M 0 20 0.00 0.0 0 2.5 7 240 M M 2 12 M M
25 97 74 86 M 0 21 0.01 0.0 0 2.2 8 140 M M 2 M M
26 97 76 87 M 0 22 0.01 0.0 0 2.3 14 140 M M 2 1 17 140
27 92 76 84 M 0 19 0.00 0.0 0 4.6 12 110 M M 5 20 80
28 93 74 84 M 0 19 0.00 0.0 0 2.5 8 90 M M 5 3 20 80
29 94 76 85 M 0 20 0.00 0.0 0 1.6 6 40 M M 5 1 M M
30 96 75 86 M 0 21 0.00 0.0 0 3.0 14 350 M M 1 17 350
31 98 77 88 M 0 23 0.00 0.0 0 4.3 9 190 M M 3 M M
================================================================================
SM 2916 2336 0 622 2.14 0.0 119.4 M 101
================================================================================
AV 94.1 75.4 3.9 FASTST M M 3 MAX(MPH)
MISC ----> 25 340 32 340
================================================================================
NOTES:
# LAST OF SEVERAL OCCURRENCES
COLUMN 17 PEAK WIND IN M.P.H.
PRELIMINARY LOCAL CLIMATOLOGICAL DATA (WS FORM: F-6) , PAGE 2
STATION: BRENHAM
MONTH: AUGUST
YEAR: 2021
LATITUDE: 30 13 N
LONGITUDE: 96 22 W
[TEMPERATURE DATA] [PRECIPITATION DATA] SYMBOLS USED IN COLUMN 16
AVERAGE MONTHLY: 84.7 TOTAL FOR MONTH: 2.14 1 = FOG OR MIST
DPTR FM NORMAL: 32.3 DPTR FM NORMAL: -0.55 2 = FOG REDUCING VISIBILITY
HIGHEST: 98 ON 31 GRTST 24HR 1.34 ON 15-15 TO 1/4 MILE OR LESS
LOWEST: 72 ON 23,22 3 = THUNDER
SNOW, ICE PELLETS, HAIL 4 = ICE PELLETS
TOTAL MONTH: 0.0 INCH 5 = HAIL
GRTST 24HR 0.0 6 = FREEZING RAIN OR DRIZZLE
GRTST DEPTH: 0 7 = DUSTSTORM OR SANDSTORM:
VSBY 1/2 MILE OR LESS
8 = SMOKE OR HAZE
[NO. OF DAYS WITH] [WEATHER - DAYS WITH] 9 = BLOWING SNOW
X = TORNADO
MAX 32 OR BELOW: 0 0.01 INCH OR MORE: 7
MAX 90 OR ABOVE: 29 0.10 INCH OR MORE: 2
MIN 32 OR BELOW: 0 0.50 INCH OR MORE: 2
MIN 0 OR BELOW: 0 1.00 INCH OR MORE: 1
[HDD (BASE 65) ]
TOTAL THIS MO. 0 CLEAR (SCALE 0-3) 17
DPTR FM NORMAL M PTCLDY (SCALE 4-7) 13
TOTAL FM JUL 1 0 CLOUDY (SCALE 8-10) 1
DPTR FM NORMAL M
[CDD (BASE 65) ]
TOTAL THIS MO. 622
DPTR FM NORMAL M [PRESSURE DATA]
TOTAL FM JAN 1 2327 HIGHEST SLP M ON M
DPTR FM NORMAL M LOWEST SLP M ON M
[REMARKS]
#FINAL-08-21#