000
CXUS55 KBOU 010900
CF633V
PRELIMINARY LOCAL CLIMATOLOGICAL DATA (WS FORM: F-6)
STATION: WALDEN
MONTH: APRIL
YEAR: 2023
LATITUDE: 40 45 N
LONGITUDE: 106 16 W
TEMPERATURE IN F: :PCPN: SNOW: WIND :SUNSHINE: SKY :PK WND
================================================================================
1 2 3 4 5 6A 6B 7 8 9 10 11 12 13 14 15 16 17 18
12Z AVG MX 2MIN
DY MAX MIN AVG DEP HDD CDD WTR SNW DPTH SPD SPD DIR MIN PSBL S-S WX SPD DR
================================================================================
1 36 23 30 M 35 0 M M M 16.1 26 220 M M 6 35 220
2 37 28 33 M 32 0 M M M 15.3 37 240 M M 4 44 240
3 43 30 37 M 28 0 M M M 14.6 23 210 M M 8 33 210
4 32 10 21 M 44 0 M M M 9.3 18 320 M M 10 20 150
5 23 5 14 M 51 0 M M M 8.3 17 240 M M 7 22 250
6 30 7 19 M 46 0 M M M 9.6 18 190 M M 0 24 220
7 43 5 24 M 41 0 M M M 4.8 9 120 M M 0 M M
8 43 21 32 M 33 0 M M M 4.8 15 250 M M 3 M M
9 45 21 33 M 32 0 M M M 5.5 13 220 M M 0 M M
10 52 21 37 M 28 0 M M M 5.4 8 130 M M 0 M M
11 59 27 43 M 22 0 M M M 9.7 15 230 M M 0 20 200
12 61 30 46 M 19 0 M M M 11.6 20 180 M M 2 31 220
13 55 28 42 M 23 0 M M M 14.3 24 210 M M 3 33 210
14 32 21 27 M 38 0 M M M 6.9 16 350 M M 9 21 340
15 34 19 27 M 38 0 M M M 8.9 20 300 M M 6 37 320
16 46 14 30 M 35 0 M M M 8.5 14 240 M M 0 18 220
17 55 25 40 M 25 0 M M M 9.2 18 250 M M 0 27 240
18 54 25 40 M 25 0 M M M 16.0 28 290 M M 4 41 230
19 30 18 24 M 41 0 M M M 11.5 22 350 M M 9 31 350
20 30 14 22 M 43 0 M M M 11.8 18 300 M M 4 27 280
21 32 18 25 M 40 0 M M M 11.1 22 220 M M 7 26 220
22 32 18 25 M 40 0 M M M 5.4 16 350 M M 8 24 350
23 43 18 31 M 34 0 M M M 5.4 13 250 M M 3 20 270
24 50 23 37 M 28 0 M M M 7.2 15 170 M M 4 24 170
25 45 28 37 M 28 0 M M M 8.2 17 340 M M 8 26 350
26 50 30 40 M 25 0 M M M 9.0 17 310 M M 5 23 310
27 50 28 39 M 26 0 M M M 12.6 29 270 M M 5 45 270
28 43 19 31 M 34 0 M M M 8.7 16 340 M M 2 23 350
29 59 23 41 M 24 0 M M M 7.6 20 250 M M 0 26 280
30 61 27 44 M 21 0 M M M 5.3 12 300 M M 3 32 300
================================================================================
SM 1305 624 979 0 M M 282.7 M 120
================================================================================
AV 43.5 20.8 9.4 FASTST M M 4 MAX(MPH)
MISC ----> 37 240 45 270
================================================================================
NOTES:
# LAST OF SEVERAL OCCURRENCES
COLUMN 17 PEAK WIND IN M.P.H.
PRELIMINARY LOCAL CLIMATOLOGICAL DATA (WS FORM: F-6) , PAGE 2
STATION: WALDEN
MONTH: APRIL
YEAR: 2023
LATITUDE: 40 45 N
LONGITUDE: 106 16 W
[TEMPERATURE DATA] [PRECIPITATION DATA] SYMBOLS USED IN COLUMN 16
AVERAGE MONTHLY: 32.2 TOTAL FOR MONTH: M 1 = FOG OR MIST
DPTR FM NORMAL: 0.0 DPTR FM NORMAL: M 2 = FOG REDUCING VISIBILITY
HIGHEST: 61 ON 12,30 GRTST 24HR M ON M TO 1/4 MILE OR LESS
LOWEST: 5 ON 5, 7 3 = THUNDER
SNOW, ICE PELLETS, HAIL 4 = ICE PELLETS
TOTAL MONTH: M 5 = HAIL
GRTST 24HR M ON M 6 = FREEZING RAIN OR DRIZZLE
GRTST DEPTH: M ON M 7 = DUSTSTORM OR SANDSTORM:
VSBY 1/2 MILE OR LESS
8 = SMOKE OR HAZE
[NO. OF DAYS WITH] [WEATHER - DAYS WITH] 9 = BLOWING SNOW
X = TORNADO
MAX 32 OR BELOW: 8 0.01 INCH OR MORE: 0
MAX 90 OR ABOVE: 0 0.10 INCH OR MORE: 0
MIN 32 OR BELOW: 30 0.50 INCH OR MORE: 0
MIN 0 OR BELOW: 0 1.00 INCH OR MORE: 0
[HDD (BASE 65) ]
TOTAL THIS MO. 979 CLEAR (SCALE 0-3) 11
DPTR FM NORMAL M PTCLDY (SCALE 4-7) 15
TOTAL FM JUL 1 9688 CLOUDY (SCALE 8-10) 4
DPTR FM NORMAL M
[CDD (BASE 65) ]
TOTAL THIS MO. 0
DPTR FM NORMAL M [PRESSURE DATA]
TOTAL FM JAN 1 0 HIGHEST SLP M ON M
DPTR FM NORMAL M LOWEST SLP M ON M
[REMARKS]
#FINAL-04-23#