000
CXUS54 KMAF 011110
CF66R6
PRELIMINARY LOCAL CLIMATOLOGICAL DATA (WS FORM: F-6)
STATION: TERRELL COUNTY AIRPORT
MONTH: MAY
YEAR: 2022
LATITUDE: 30 2 N
LONGITUDE: 102 13 W
TEMPERATURE IN F: :PCPN: SNOW: WIND :SUNSHINE: SKY :PK WND
================================================================================
1 2 3 4 5 6A 6B 7 8 9 10 11 12 13 14 15 16 17 18
12Z AVG MX 2MIN
DY MAX MIN AVG DEP HDD CDD WTR SNW DPTH SPD SPD DIR MIN PSBL S-S WX SPD DR
================================================================================
1 85 70 78 4 0 13 0.00 M M M M M M M 0 M M
2 99 70 85 11 0 20 0.00 M M M M M M M 0 M M
3 89 66 78 4 0 13 0.00 M M M M M M M 0 M M
4 99 99 99 25 0 34 M M M M M M M M M M M
5 92 66 79 4 0 14 0.01 M M M M M M M 0 M M
6 102 56 79 4 0 14 0.00 M M M M M M M 0 M M
7 107 59 83 8 0 18 0.00 M M M M M M M 0 M M
8 105 72 89 13 0 24 0.00 M M M M M M M 0 M M
9 104 74 89 13 0 24 0.00 M M M M M M M 0 M M
10 89 76 83 7 0 18 0.00 M M M M M M M 0 M M
11 94 71 83 7 0 18 0.00 M M M M M M M 0 M M
12 98 70 84 7 0 19 0.00 M M M M M M M 0 M M
13 95 65 80 3 0 15 0.51 M M M M M M M 0 M M
14 98 67 83 6 0 18 0.00 M M M M M M M 0 M M
15 103 67 85 8 0 20 0.00 M M M M M M M 0 M M
16 104 66 85 7 0 20 0.00 M M M M M M M 0 M M
17 102 73 88 10 0 23 0.00 M M 16.2 31 160 M M 0 42 160
18 105 71 88 10 0 23 0.00 M M 8.1 24 140 M M 0 32 130
19 105 68 87 9 0 22 0.00 M M 7.5 26 140 M M 0 36 150
20 102 71 87 8 0 22 0.00 M M 7.5 21 230 M M 0 30 230
21 94 70 82 3 0 17 0.00 M M 12.8 25 360 M M 0 38 340
22 82 64 73 -6 0 8 0.00 M M 13.8 24 40 M M 0 31 40
23 83 67 75 -4 0 10 0.02 M M 13.4 25 140 M M 0 32 150
24 99 62 81 1 0 16 0.00 M M 12.4 36 30 M M 0 45 10
25 86 56 71 -9 0 6 0.00 M M 7.7 24 340 M M 0 31 330
26 98 61 80 0 0 15 0.00 M M 7.1 18 100 M M 0 22 100
27 99 69 84 4 0 19 0.00 M M 11.5 23 100 M M 0 32 100
28 105 68 87 7 0 22 0.00 M M 11.0 26 120 M M 0 36 130
29 102 73 88 7 0 23 0.00 M M 15.7 32 120 M M 0 42 120
30 96 73 85 4 0 20 0.00 M M 14.2 25 130 M M 0 35 130
31 96 74 85 4 0 20 0.00 M M 18.5 28 110 M M 0 38 120
================================================================================
SM 3017 2134 0 568 0.54 M 177.4 M 0
================================================================================
AV 97.3 68.8 11.8 FASTST M M 0 MAX(MPH)
MISC ----> 36 30 45 10
================================================================================
NOTES:
# LAST OF SEVERAL OCCURRENCES
COLUMN 17 PEAK WIND IN M.P.H.
PRELIMINARY LOCAL CLIMATOLOGICAL DATA (WS FORM: F-6) , PAGE 2
STATION: TERRELL COUNTY AIRPORT
MONTH: MAY
YEAR: 2022
LATITUDE: 30 2 N
LONGITUDE: 102 13 W
[TEMPERATURE DATA] [PRECIPITATION DATA] SYMBOLS USED IN COLUMN 16
AVERAGE MONTHLY: 83.1 TOTAL FOR MONTH: 0.54 1 = FOG OR MIST
DPTR FM NORMAL: 5.6 DPTR FM NORMAL: -0.75 2 = FOG REDUCING VISIBILITY
HIGHEST: 107 ON 7 GRTST 24HR 0.51 ON 13-13 TO 1/4 MILE OR LESS
LOWEST: 56 ON 25, 6 3 = THUNDER
SNOW, ICE PELLETS, HAIL 4 = ICE PELLETS
TOTAL MONTH: M 5 = HAIL
GRTST 24HR M ON M 6 = FREEZING RAIN OR DRIZZLE
GRTST DEPTH: M ON M 7 = DUSTSTORM OR SANDSTORM:
VSBY 1/2 MILE OR LESS
8 = SMOKE OR HAZE
[NO. OF DAYS WITH] [WEATHER - DAYS WITH] 9 = BLOWING SNOW
X = TORNADO
MAX 32 OR BELOW: 0 0.01 INCH OR MORE: 3
MAX 90 OR ABOVE: 25 0.10 INCH OR MORE: 1
MIN 32 OR BELOW: 0 0.50 INCH OR MORE: 1
MIN 0 OR BELOW: 0 1.00 INCH OR MORE: 0
[HDD (BASE 65) ]
TOTAL THIS MO. 0 CLEAR (SCALE 0-3) 30
DPTR FM NORMAL -3 PTCLDY (SCALE 4-7) 0
TOTAL FM JUL 1 1485 CLOUDY (SCALE 8-10) 1
DPTR FM NORMAL -239
[CDD (BASE 65) ]
TOTAL THIS MO. 568
DPTR FM NORMAL 176 [PRESSURE DATA]
TOTAL FM JAN 1 890 HIGHEST SLP 30.19 ON 22
DPTR FM NORMAL 259 LOWEST SLP 29.40 ON 29
[REMARKS]
#FINAL-05-22#