000
CXUS52 KTAE 010900
CF6AAF
PRELIMINARY LOCAL CLIMATOLOGICAL DATA (WS FORM: F-6)
STATION: APALACHICOLA
MONTH: FEBRUARY
YEAR: 2024
LATITUDE: 29 43 N
LONGITUDE: 85 2 W
TEMPERATURE IN F: :PCPN: SNOW: WIND :SUNSHINE: SKY :PK WND
================================================================================
1 2 3 4 5 6A 6B 7 8 9 10 11 12 13 14 15 16 17 18
12Z AVG MX 2MIN
DY MAX MIN AVG DEP HDD CDD WTR SNW DPTH SPD SPD DIR MIN PSBL S-S WX SPD DR
================================================================================
1 62 37 50 -5 15 0 0.00 0.0 0 3.7 10 170 M M 0 17 170
2 66 43 55 0 10 0 0.00 0.0 0 3.8 15 250 M M 0 20 260
3 67 39 53 -2 12 0 0.00 0.0 0 4.7 13 90 M M 2 12 20 90
4 66 49 58 3 7 0 2.08 M M 10.6 29 360 M M 6 13 47 360
5 66 47 57 2 8 0 0.19 M M 10.1 24 20 M M 6 1 35 10
6 71 43 57 1 8 0 0.00 0.0 0 7.3 15 10 M M 1 22 350
7 62 41 52 -4 13 0 0.00 0.0 M 5.6 14 140 M M 0 21 130
8 65 48 57 1 8 0 0.00 0.0 M 6.7 15 120 M M 0 22 90
9 71 49 60 4 5 0 0.00 0.0 M 5.8 13 150 M M 2 19 140
10 71 61 66 10 0 1 0.00 0.0 M 7.5 15 170 M M 2 1 25 160
11 74 64 69 13 0 4 0.05 0.0 M 8.1 16 190 M M 10 1 23 180
12 71 61 66 10 0 1 0.34 0.0 0 12.1 29 260 M M 8 13 38 260
13 63 44 54 -3 11 0 0.00 0.0 M 8.9 21 340 M M 0 30 290
14 62 39 51 -6 14 0 0.00 0.0 M 5.0 12 180 M M 0 16 190
15 65 47 56 -1 9 0 0.00 0.0 0 3.3 9 180 M M 1 13 140
16 65 48 57 0 8 0 0.02 0.0 0 1.3 8 220 M M 3 10 230
17 63 49 56 -1 9 0 0.69 0.0 0 5.5 18 20 M M 10 1 28 30
18 52 40 46 -11 19 0 0.10 0.0 0 9.3 16 20 M M 8 23 30
19 66 35 51 -7 14 0 0.00 0.0 0 3.5 16 300 M M 0 21 290
20 65 36 51 -7 14 0 0.00 0.0 0 5.1 18 250 M M 0 25 250
21 64 39 52 -6 13 0 0.00 0.0 0 4.6 14 150 M M 0 1 18 160
22 68 41 55 -3 10 0 T 0.0 0 7.9 16 200 M M 1 12 26 200
23 76 57 67 9 0 2 0.03 0.0 0 11.8 23 300 M M 5 32 310
24 73 47 60 2 5 0 0.00 0.0 0 9.7 24 280 M M 0 34 260
25 68 43 56 -3 9 0 0.00 0.0 0 4.6 13 170 M M 0 17 150
26 69 42 56 -3 9 0 0.00 0.0 0 6.7 14 170 M M 0 19 180
27 73 65 69 10 0 4 0.00 0.0 0 12.4 18 190 M M 1 25 180
28 75 64 70 11 0 5 0.00 0.0 0 8.0 16 190 M M 5 1 24 190
29 69 54 62 3 3 0 0.00 0.0 0 10.6 16 40 M M 5 31 30
================================================================================
SM 1948 1372 233 17 3.50 0.0 204.2 M 76
================================================================================
AV 67.2 47.3 7.0 FASTST M M 3 MAX(MPH)
MISC ----> # 29 360 47 360
================================================================================
NOTES:
# LAST OF SEVERAL OCCURRENCES
COLUMN 17 PEAK WIND IN M.P.H.
PRELIMINARY LOCAL CLIMATOLOGICAL DATA (WS FORM: F-6) , PAGE 2
STATION: APALACHICOLA
MONTH: FEBRUARY
YEAR: 2024
LATITUDE: 29 43 N
LONGITUDE: 85 2 W
[TEMPERATURE DATA] [PRECIPITATION DATA] SYMBOLS USED IN COLUMN 16
AVERAGE MONTHLY: 57.2 TOTAL FOR MONTH: 3.50 1 = FOG OR MIST
DPTR FM NORMAL: 0.4 DPTR FM NORMAL: -0.67 2 = FOG REDUCING VISIBILITY
HIGHEST: 76 ON 23 GRTST 24HR 2.24 ON 4- 5 TO 1/4 MILE OR LESS
LOWEST: 35 ON 19 3 = THUNDER
SNOW, ICE PELLETS, HAIL 4 = ICE PELLETS
TOTAL MONTH: 0.0 INCH 5 = HAIL
GRTST 24HR 0.0 6 = FREEZING RAIN OR DRIZZLE
GRTST DEPTH: 0 7 = DUSTSTORM OR SANDSTORM:
VSBY 1/2 MILE OR LESS
8 = SMOKE OR HAZE
[NO. OF DAYS WITH] [WEATHER - DAYS WITH] 9 = BLOWING SNOW
X = TORNADO
MAX 32 OR BELOW: 0 0.01 INCH OR MORE: 8
MAX 90 OR ABOVE: 0 0.10 INCH OR MORE: 5
MIN 32 OR BELOW: 0 0.50 INCH OR MORE: 2
MIN 0 OR BELOW: 0 1.00 INCH OR MORE: 1
[HDD (BASE 65) ]
TOTAL THIS MO. 233 CLEAR (SCALE 0-3) 20
DPTR FM NORMAL -8 PTCLDY (SCALE 4-7) 7
TOTAL FM JUL 1 983 CLOUDY (SCALE 8-10) 2
DPTR FM NORMAL -68
[CDD (BASE 65) ]
TOTAL THIS MO. 17
DPTR FM NORMAL 4 [PRESSURE DATA]
TOTAL FM JAN 1 24 HIGHEST SLP 30.34 ON 21
DPTR FM NORMAL 2 LOWEST SLP 29.31 ON 4
[REMARKS]
#FINAL-02-24#